{"id":6149,"date":"2021-05-12T23:34:30","date_gmt":"2021-05-13T05:34:30","guid":{"rendered":"http:\/\/latinamericanliteraturetoday.wp\/book_review\/crema-paraiso-camilo-pino-2\/"},"modified":"2024-05-13T03:47:49","modified_gmt":"2024-05-13T09:47:49","slug":"crema-paraiso-camilo-pino-2","status":"publish","type":"book_review","link":"https:\/\/latinamericanliteraturetoday.org\/es\/rese\u00f1as\/crema-paraiso-camilo-pino-2\/","title":{"rendered":"Crema Para\u00edso de Camilo Pino"},"content":{"rendered":"<p><b><i>Crema Para\u00edso<\/i>. Camilo Pino. Madrid: Alianza, 2020. 249 p\u00e1ginas.<\/b><\/p>\n<p><img fetchpriority=\"high\" decoding=\"async\" class=\" alignleft size-full wp-image-6146\" style=\"margin: 10px; float: left;\" src=\"https:\/\/latinamericanliteraturetoday.org\/wp-content\/uploads\/2020\/11\/cremaparaiso_1.jpg\" alt=\"\" width=\"300\" height=\"457\" title=\"\" srcset=\"https:\/\/latinamericanliteraturetoday.org\/wp-content\/uploads\/2020\/11\/cremaparaiso_1.jpg 300w, https:\/\/latinamericanliteraturetoday.org\/wp-content\/uploads\/2020\/11\/cremaparaiso_1-197x300.jpg 197w\" sizes=\"(max-width: 300px) 100vw, 300px\" \/><\/p>\n<p>En momentos de revisionismo el Boom latinoamericano delata<b> <\/b>demasiada testosterona y una grosera marginalidad hacia las mujeres. Pensemos en Clarice Lispector y Silvina Ocampo que tuvieron que esperar d\u00e9cadas para encontrar lectores m\u00e1s all\u00e1 de las fronteras de Brasil y Argentina. Sobre deudas todav\u00eda no saldadas sobrevuela la literatura venezolana. Esa deuda, en parte, quiz\u00e1 comience a pagarse durante los primeros a\u00f1os del siglo XXI. La crisis social y pol\u00edtica que atraviesa el pa\u00eds ha generado que escritores emigren a tierras m\u00e1s benignas (y con un mercado) y que haya un inter\u00e9s por entender cu\u00e1ndo se jodi\u00f3 Venezuela. Una literatura secreta por d\u00e9cadas ha salido del ostracismo. En esa biblioteca f\u00e9rtil se amontonan el best seller <i>La hija de la espa\u00f1ola<\/i> (Karina Sainz Borgo), una tibia novela urbana como <i>The Night<\/i> (Rodrigo Blanco Calder\u00f3n) junto a otras de calidad art\u00edstica, sea<b> <\/b><i>Blue Label\/Etiqueta Azul<\/i> (Eduardo S\u00e1nchez Rugeles), <i>Los d\u00edas animales<\/i> (Keila Vall de la Ville), los cuentos de Juan Carlos M\u00e9ndez Gu\u00e9dez o la poes\u00eda de Raquel Abend van Dalen.<\/p>\n<p>Por estos d\u00edas se suma a la biblioteca <i>Crema Para\u00edso<\/i>, de Camilo Pino. En verdad, el narrador ten\u00eda un lugar asegurado con su debut, <i>Valle Zamuro, <\/i>una novela que tocaba el tema de la explosi\u00f3n social conocida como el Caracazo durante 1989. A trav\u00e9s del joven Alejandro Roca el escritor retrataba una educaci\u00f3n sentimental en medio del caos. De ese incidente, la sociedad venezolana no saldr\u00eda indemne. Su nuevo trabajo es tambi\u00e9n un fresco de \u00e9poca: oscila entre principios de los a\u00f1os \u201880 y el nuevo milenio. Las fechas producen un par\u00e9ntesis donde los personajes entran y salen de la historia con sus mejores pasos de comedia \u2014vale aclararlo: la novela es un infinito carnaval sudamericano, tan pat\u00e9tico que desde sus entra\u00f1as s\u00f3lo se destila la carcajada amarga y no menos l\u00facida.<\/p>\n<p>La trama de <i>Crema Para\u00edso<\/i> es sencilla: un d\u00eda Emiliano, alguien que desea estirar su juventud hasta el hartazgo, recibe una extra\u00f1a proposici\u00f3n: veinte mil euros y una semana en Berl\u00edn si sale en un programa de televisi\u00f3n junto a su padre, el poeta Alfonso Dubuc. En el medio hay unas viejas cartas a una tal Ulrika que refuerzan el enigma. A partir de all\u00ed, en un juego de memoria emotiva, el poeta regresar\u00e1 a un congreso literario organizado en La Habana. Desde ya, no es un lugar cualquiera: estamos hablamos de cuando la ciudad cubana era un diamante que atra\u00eda con su brillo y prestigio a un rosario de intelectuales. Ellos se quedaban unos d\u00edas, hac\u00edan turismo cultural (tal vez sexual) y luego iban por el mundo hablando maravillas de la Revoluci\u00f3n.<\/p>\n<p>A ese lugar va a parar el poeta venezolano que hasta hace muy poco era una promesa y hoy es un tipo que, si los colegas lo ven, prefieren cruzar de calle. Pero el viaje se volver\u00e1 m\u00edtico para Alfonso, una cantera de inspiraci\u00f3n que fundar\u00e1 las bases de lo que \u00edntimamente so\u00f1\u00f3 toda su vida: ser el poeta Nacional. Un busto de m\u00e1rmol, un relato legendario.<\/p>\n<p>Cada conflicto le sirve a Pino para desmontar los mecanismos de la Revoluci\u00f3n cubana y poner en relieve los juegos del poder literario. La estrategia es eficaz: los paneos a Ernesto Cardenal, Mario Benedetti y hasta de Fidel Castro, como ciertos rumores ponzo\u00f1osos en torno a Gabriel Garc\u00eda M\u00e1rquez y Julio Cort\u00e1zar despiertan una reflexi\u00f3n mordaz que se vuelve una mirada c\u00f3mplice con el lector. De all\u00ed que de lo narrado confluya la ficci\u00f3n y la no ficci\u00f3n, un inteligente juego que ahonda elegantemente el deliro de <i>Crema Para\u00edso<\/i>.<\/p>\n<p>El encuentro entre Dubuc y Fidel carece de palabras \u00e9picas, no hay nada para la posteridad ni para una biopic. Sencillamente porque \u00e9l sabe que en momentos de emoci\u00f3n la inteligencia trastabilla: todo trabajo creativo es intelectual. Y tambi\u00e9n Alfonso, como todo artista, tiene mil m\u00e1scaras:<\/p>\n<p style=\"margin-left: 40px;\">\u201cFidel me dio un apret\u00f3n de manos y me agradeci\u00f3 por participar en el congreso. Yo apenas alcanc\u00e9 a verle la barba de peque\u00f1os rizos y responderle: \u2018De nada\u2019. Eso fue todo lo que dije: \u2018De nada\u2019. No le dije: \u2018\u00bfC\u00f3mo crees, Fidel?, para m\u00ed es todo un honor estar en el primer territorio libre de Am\u00e9rica y poder ayudar, aunque sea con mi humilde poes\u00eda a la revoluci\u00f3n. Yo, un poeta desconocido, soy quien se debe sentir honrado de tener el privilegio de etc\u00e9tera, etc\u00e9tera\u2019. No, lo \u00fanico que alcanc\u00e9 a decir fue \u2018De nada\u2019 cuando el destello de una c\u00e1mara me encandil\u00f3 (\u00a1esa maldita foto me ha salido car\u00edsima!; los idiotas radicales de la oposici\u00f3n la sacan a cada rato como evidencia de que soy un caballo de Troya chavista). Fidel, con su caracter\u00edstica astucia, se dio cuenta de mi insignificancia y sigui\u00f3 su camino tomado de la mano con Benedetti, dej\u00e1ndome como el lastre de un globo que ascend\u00eda al cielo de la revoluci\u00f3n latinoamericana\u201d.<\/p>\n<p>El viaje a La Habana de los a\u00f1os \u201980 trazar\u00e1 un puente para este presente en que padre e hijo, enemigos no tan \u00edntimos, se batan a duelo: los rencores se multiplicar\u00e1n en suelo europeo, y hay un momento culminante en esta historia donde se brinda la posibilidad de cambiar un destino. Es sensible, ir\u00f3nico, bello, como una vida de poeta.<\/p>\n<p style=\"text-align: right;\">Hern\u00e1n Vera \u00c1lvarez<\/p>\n","protected":false},"excerpt":{"rendered":"<p>En momentos de revisionismo el Boom latinoamericano delata<b> <\/b>demasiada testosterona y una grosera marginalidad hacia las mujeres. Pensemos en Clarice Lispector y Silvina Ocampo que tuvieron que esperar d\u00e9cadas para encontrar lectores m\u00e1s all\u00e1 de las fronteras de Brasil y Argentina. Sobre deudas todav\u00eda no saldadas sobrevuela la literatura venezolana. Esa deuda, en parte, quiz\u00e1 comience a pagarse durante los primeros a\u00f1os del siglo XXI. La crisis social y pol\u00edtica que atraviesa el pa\u00eds ha generado que escritores emigren a tierras m\u00e1s benignas (y con un mercado) y que haya un inter\u00e9s por entender cu\u00e1ndo se jodi\u00f3 Venezuela. Una literatura secreta por d\u00e9cadas ha salido del ostracismo. En esa biblioteca f\u00e9rtil se amontonan el best seller <i>La hija de la espa\u00f1ola<\/i> (Karina Sainz Borgo), una tibia novela urbana como <i>The Night<\/i> (Rodrigo Blanco Calder\u00f3n) junto a otras de calidad art\u00edstica, sea<b> <\/b><i>Blue Label\/Etiqueta Azul<\/i> (Eduardo S\u00e1nchez Rugeles), <i>Los d\u00edas animales<\/i> (Keila Vall de la Ville), los cuentos de Juan Carlos M\u00e9ndez Gu\u00e9dez o la poes\u00eda de Raquel Abend van Dalen.<\/p>\n","protected":false},"author":3,"featured_media":6146,"template":"","meta":{"_acf_changed":false},"categories":[],"tags":[4446],"editors":[],"review_sections":[2043],"reviewers":[2221],"translator":[],"editors_pick":[],"lal_author":[],"class_list":["post-6149","book_review","type-book_review","status-publish","has-post-thumbnail","hentry","tag-numero-18","review_sections-ficcion","reviewers-hernan-vera-alvarez-es-2"],"acf":{"richtitle":"<em>Crema Para\u00edso<\/em> de Camilo Pino","reviewers":"","title_field":"Crema Para\u00edso de Camilo Pino","issueofarticle":6585,"sidebartitle":"<em>Crema Para\u00edso<\/em> de Camilo Pino","thumbnail":6146,"collection-articleimage":null},"_links":{"self":[{"href":"https:\/\/latinamericanliteraturetoday.org\/es\/wp-json\/wp\/v2\/book_review\/6149","targetHints":{"allow":["GET"]}}],"collection":[{"href":"https:\/\/latinamericanliteraturetoday.org\/es\/wp-json\/wp\/v2\/book_review"}],"about":[{"href":"https:\/\/latinamericanliteraturetoday.org\/es\/wp-json\/wp\/v2\/types\/book_review"}],"author":[{"embeddable":true,"href":"https:\/\/latinamericanliteraturetoday.org\/es\/wp-json\/wp\/v2\/users\/3"}],"version-history":[{"count":1,"href":"https:\/\/latinamericanliteraturetoday.org\/es\/wp-json\/wp\/v2\/book_review\/6149\/revisions"}],"predecessor-version":[{"id":33485,"href":"https:\/\/latinamericanliteraturetoday.org\/es\/wp-json\/wp\/v2\/book_review\/6149\/revisions\/33485"}],"acf:post":[{"embeddable":true,"href":"https:\/\/latinamericanliteraturetoday.org\/es\/wp-json\/wp\/v2\/issue\/6585"}],"wp:featuredmedia":[{"embeddable":true,"href":"https:\/\/latinamericanliteraturetoday.org\/es\/wp-json\/wp\/v2\/media\/6146"}],"wp:attachment":[{"href":"https:\/\/latinamericanliteraturetoday.org\/es\/wp-json\/wp\/v2\/media?parent=6149"}],"wp:term":[{"taxonomy":"category","embeddable":true,"href":"https:\/\/latinamericanliteraturetoday.org\/es\/wp-json\/wp\/v2\/categories?post=6149"},{"taxonomy":"post_tag","embeddable":true,"href":"https:\/\/latinamericanliteraturetoday.org\/es\/wp-json\/wp\/v2\/tags?post=6149"},{"taxonomy":"editors","embeddable":true,"href":"https:\/\/latinamericanliteraturetoday.org\/es\/wp-json\/wp\/v2\/editors?post=6149"},{"taxonomy":"review_sections","embeddable":true,"href":"https:\/\/latinamericanliteraturetoday.org\/es\/wp-json\/wp\/v2\/review_sections?post=6149"},{"taxonomy":"reviewers","embeddable":true,"href":"https:\/\/latinamericanliteraturetoday.org\/es\/wp-json\/wp\/v2\/reviewers?post=6149"},{"taxonomy":"translator","embeddable":true,"href":"https:\/\/latinamericanliteraturetoday.org\/es\/wp-json\/wp\/v2\/translator?post=6149"},{"taxonomy":"editors_pick","embeddable":true,"href":"https:\/\/latinamericanliteraturetoday.org\/es\/wp-json\/wp\/v2\/editors_pick?post=6149"},{"taxonomy":"lal_author","embeddable":true,"href":"https:\/\/latinamericanliteraturetoday.org\/es\/wp-json\/wp\/v2\/lal_author?post=6149"}],"curies":[{"name":"wp","href":"https:\/\/api.w.org\/{rel}","templated":true}]}}

https://latinamericanliteraturetoday.org/es/reseñas/crema-paraiso-camilo-pino-2/

Crema Paraíso de Camilo Pino

<p><b><i>Crema Paraíso</i>. Camilo Pino. Madrid: Alianza, 2020. 249 páginas.</b></p>
<p><img fetchpriority="high" decoding="async" class=" alignleft size-full wp-image-6146" style="margin: 10px; float: left;" src="https://latinamericanliteraturetoday.org/wp-content/uploads/2020/11/cremaparaiso_1.jpg" alt="" width="300" height="457" title="" srcset="https://latinamericanliteraturetoday.org/wp-content/uploads/2020/11/cremaparaiso_1.jpg 300w, https://latinamericanliteraturetoday.org/wp-content/uploads/2020/11/cremaparaiso_1-197x300.jpg 197w" sizes="(max-width: 300px) 100vw, 300px" /></p>
<p>En momentos de revisionismo el Boom latinoamericano delata<b> </b>demasiada testosterona y una grosera marginalidad hacia las mujeres. Pensemos en Clarice Lispector y Silvina Ocampo que tuvieron que esperar décadas para encontrar lectores más allá de las fronteras de Brasil y Argentina. Sobre deudas todavía no saldadas sobrevuela la literatura venezolana. Esa deuda, en parte, quizá comience a pagarse durante los primeros años del siglo XXI. La crisis social y política que atraviesa el país ha generado que escritores emigren a tierras más benignas (y con un mercado) y que haya un interés por entender cuándo se jodió Venezuela. Una literatura secreta por décadas ha salido del ostracismo. En esa biblioteca fértil se amontonan el best seller <i>La hija de la española</i> (Karina Sainz Borgo), una tibia novela urbana como <i>The Night</i> (Rodrigo Blanco Calderón) junto a otras de calidad artística, sea<b> </b><i>Blue Label/Etiqueta Azul</i> (Eduardo Sánchez Rugeles), <i>Los días animales</i> (Keila Vall de la Ville), los cuentos de Juan Carlos Méndez Guédez o la poesía de Raquel Abend van Dalen.</p>
<p>Por estos días se suma a la biblioteca <i>Crema Paraíso</i>, de Camilo Pino. En verdad, el narrador tenía un lugar asegurado con su debut, <i>Valle Zamuro, </i>una novela que tocaba el tema de la explosión social conocida como el Caracazo durante 1989. A través del joven Alejandro Roca el escritor retrataba una educación sentimental en medio del caos. De ese incidente, la sociedad venezolana no saldría indemne. Su nuevo trabajo es también un fresco de época: oscila entre principios de los años ‘80 y el nuevo milenio. Las fechas producen un paréntesis donde los personajes entran y salen de la historia con sus mejores pasos de comedia —vale aclararlo: la novela es un infinito carnaval sudamericano, tan patético que desde sus entrañas sólo se destila la carcajada amarga y no menos lúcida.</p>
<p>La trama de <i>Crema Paraíso</i> es sencilla: un día Emiliano, alguien que desea estirar su juventud hasta el hartazgo, recibe una extraña proposición: veinte mil euros y una semana en Berlín si sale en un programa de televisión junto a su padre, el poeta Alfonso Dubuc. En el medio hay unas viejas cartas a una tal Ulrika que refuerzan el enigma. A partir de allí, en un juego de memoria emotiva, el poeta regresará a un congreso literario organizado en La Habana. Desde ya, no es un lugar cualquiera: estamos hablamos de cuando la ciudad cubana era un diamante que atraía con su brillo y prestigio a un rosario de intelectuales. Ellos se quedaban unos días, hacían turismo cultural (tal vez sexual) y luego iban por el mundo hablando maravillas de la Revolución.</p>
<p>A ese lugar va a parar el poeta venezolano que hasta hace muy poco era una promesa y hoy es un tipo que, si los colegas lo ven, prefieren cruzar de calle. Pero el viaje se volverá mítico para Alfonso, una cantera de inspiración que fundará las bases de lo que íntimamente soñó toda su vida: ser el poeta Nacional. Un busto de mármol, un relato legendario.</p>
<p>Cada conflicto le sirve a Pino para desmontar los mecanismos de la Revolución cubana y poner en relieve los juegos del poder literario. La estrategia es eficaz: los paneos a Ernesto Cardenal, Mario Benedetti y hasta de Fidel Castro, como ciertos rumores ponzoñosos en torno a Gabriel García Márquez y Julio Cortázar despiertan una reflexión mordaz que se vuelve una mirada cómplice con el lector. De allí que de lo narrado confluya la ficción y la no ficción, un inteligente juego que ahonda elegantemente el deliro de <i>Crema Paraíso</i>.</p>
<p>El encuentro entre Dubuc y Fidel carece de palabras épicas, no hay nada para la posteridad ni para una biopic. Sencillamente porque él sabe que en momentos de emoción la inteligencia trastabilla: todo trabajo creativo es intelectual. Y también Alfonso, como todo artista, tiene mil máscaras:</p>
<p style="margin-left: 40px;">“Fidel me dio un apretón de manos y me agradeció por participar en el congreso. Yo apenas alcancé a verle la barba de pequeños rizos y responderle: ‘De nada’. Eso fue todo lo que dije: ‘De nada’. No le dije: ‘¿Cómo crees, Fidel?, para mí es todo un honor estar en el primer territorio libre de América y poder ayudar, aunque sea con mi humilde poesía a la revolución. Yo, un poeta desconocido, soy quien se debe sentir honrado de tener el privilegio de etcétera, etcétera’. No, lo único que alcancé a decir fue ‘De nada’ cuando el destello de una cámara me encandiló (¡esa maldita foto me ha salido carísima!; los idiotas radicales de la oposición la sacan a cada rato como evidencia de que soy un caballo de Troya chavista). Fidel, con su característica astucia, se dio cuenta de mi insignificancia y siguió su camino tomado de la mano con Benedetti, dejándome como el lastre de un globo que ascendía al cielo de la revolución latinoamericana”.</p>
<p>El viaje a La Habana de los años ’80 trazará un puente para este presente en que padre e hijo, enemigos no tan íntimos, se batan a duelo: los rencores se multiplicarán en suelo europeo, y hay un momento culminante en esta historia donde se brinda la posibilidad de cambiar un destino. Es sensible, irónico, bello, como una vida de poeta.</p>
<p style="text-align: right;">Hernán Vera Álvarez</p>

<p>En momentos de revisionismo el Boom latinoamericano delata<b> </b>demasiada testosterona y una grosera marginalidad hacia las mujeres. Pensemos en Clarice Lispector y Silvina Ocampo que tuvieron que esperar décadas para encontrar lectores más allá de las fronteras de Brasil y Argentina. Sobre deudas todavía no saldadas sobrevuela la literatura venezolana. Esa deuda, en parte, quizá comience a pagarse durante los primeros años del siglo XXI. La crisis social y política que atraviesa el país ha generado que escritores emigren a tierras más benignas (y con un mercado) y que haya un interés por entender cuándo se jodió Venezuela. Una literatura secreta por décadas ha salido del ostracismo. En esa biblioteca fértil se amontonan el best seller <i>La hija de la española</i> (Karina Sainz Borgo), una tibia novela urbana como <i>The Night</i> (Rodrigo Blanco Calderón) junto a otras de calidad artística, sea<b> </b><i>Blue Label/Etiqueta Azul</i> (Eduardo Sánchez Rugeles), <i>Los días animales</i> (Keila Vall de la Ville), los cuentos de Juan Carlos Méndez Guédez o la poesía de Raquel Abend van Dalen.</p>

<em>Crema Paraíso</em> de Camilo Pino
