{"id":5743,"date":"2018-07-26T17:45:38","date_gmt":"2018-07-26T17:45:38","guid":{"rendered":"http:\/\/latinamericanliteraturetoday.wp\/book_review\/los-terneros-rodrigo-blanco-calderon-2\/"},"modified":"2023-06-06T09:50:44","modified_gmt":"2023-06-06T15:50:44","slug":"los-terneros-rodrigo-blanco-calderon-2","status":"publish","type":"book_review","link":"https:\/\/latinamericanliteraturetoday.org\/es\/rese\u00f1as\/los-terneros-rodrigo-blanco-calderon-2\/","title":{"rendered":"Los terneros de Rodrigo Blanco Calder\u00f3n"},"content":{"rendered":"<style type=\"text\/css\">p.p1 {margin: 0.0px 0.0px 0.0px 0.0px; font: 12.0px Times}<br \/>\np.p2 {margin: 0.0px 0.0px 0.0px 0.0px; font: 12.0px Times; min-height: 14.0px}<br \/>\np.p3 {margin: 0.0px 0.0px 0.0px 0.0px; text-align: justify; font: 12.0px Times}<br \/>\np.p4 {margin: 0.0px 0.0px 0.0px 0.0px; text-align: justify; font: 12.0px Times; min-height: 14.0px}<br \/>\np.p5 {margin: 0.0px 0.0px 0.0px 36.0px; text-align: justify; font: 12.0px Times}<br \/>\np.p6 {margin: 0.0px 0.0px 0.0px 36.0px; text-align: justify; font: 12.0px Times; min-height: 14.0px}<br \/>\np.p7 {margin: 0.0px 0.0px 0.0px 0.0px; text-align: right; font: 12.0px Times}<br \/>\n<\/style>\n<p><b><i>Los terneros<\/i>. Rodrigo Blanco Calder\u00f3n. Madrid: P\u00e1ginas de Espuma. 2018. 118 p\u00e1ginas.<\/b><\/p>\n<p><img fetchpriority=\"high\" decoding=\"async\" class=\" alignleft size-full wp-image-5740\" style=\"margin: 10px; float: left;\" src=\"https:\/\/latinamericanliteraturetoday.org\/wp-content\/uploads\/2018\/07\/los_terneros.jpg\" alt=\"\" width=\"300\" height=\"480\" title=\"\" srcset=\"https:\/\/latinamericanliteraturetoday.org\/wp-content\/uploads\/2018\/07\/los_terneros.jpg 300w, https:\/\/latinamericanliteraturetoday.org\/wp-content\/uploads\/2018\/07\/los_terneros-188x300.jpg 188w\" sizes=\"(max-width: 300px) 100vw, 300px\" \/><\/p>\n<style type=\"text\/css\">p.p1 {margin: 0.0px 0.0px 0.0px 0.0px; text-align: justify; font: 12.0px Times}<br \/>\np.p2 {margin: 0.0px 0.0px 0.0px 0.0px; text-align: justify; font: 12.0px Times; min-height: 14.0px}<br \/>\np.p3 {margin: 0.0px 0.0px 0.0px 0.0px; font: 12.0px Times}<br \/>\np.p4 {margin: 0.0px 0.0px 0.0px 0.0px; font: 12.0px Times; min-height: 14.0px}<br \/>\np.p5 {margin: 0.0px 0.0px 0.0px 0.0px; text-align: right; font: 12.0px Times}<br \/>\nspan.s1 {color: #ff2600}<br \/>\nspan.s2 {font: 12.0px 'Times New Roman'}<br \/>\n<\/style>\n<p>Dos a\u00f1os despu\u00e9s de la aparici\u00f3n de su primera novela, <i>The Night <\/i>(Prix rive gauche \u00e0 Paris du livre \u00e9tranger 2016), Rodrigo Blanco Calder\u00f3n retorna al cuento en una cuarta antolog\u00eda titulada <i>Los terneros <\/i>(finalista del <i>V Premio<\/i> <i>Ribera del Duero<\/i>). Siete cuentos completan esta nueva compilaci\u00f3n de relatos cortos del escritor venezolano.<\/p>\n<p>Una cuidadosa edici\u00f3n de <i>P\u00e1ginas de Espuma<\/i> nos muestra en su portada una fotograf\u00eda de las requisas policiales que siguieron a los terribles atentados ocurridos en Paris la noche del 13 de noviembre. Esta imagen es una pista de lo que encontraremos en los relatos de Blanco Calder\u00f3n, protagonistas que parecen testigos fortuitos de historias en las que no buscaron figurar. Estos personajes son arrastrados por situaciones accidentales que enfrentan con pasividad, parecen peque\u00f1os frente a circunstancias que no descifran y que sufren, algunas veces, con resignaci\u00f3n y, otras, con profundo temor. Sin asideros ni en lo domestico ni en lo profesional, son errantes, o m\u00e1s bien extraviados, ya sea en su pa\u00eds o fuera de \u00e9l.<\/p>\n<p>Estos parecen trazados dentro de los par\u00e1metros que se\u00f1ala Zygmunt Bauman en <i>Modernidad L\u00edquida <\/i>(2002), donde describe a individuos n\u00f3madas, desaferrados, sin sentido de lo nacional, que dan testimonio de la desintegraci\u00f3n de la trama social. Tal como Bauman describe el encuentro entre extra\u00f1os, como un acontecimiento sin pasado y sin futuro: \u201cuna historia que, sin duda, no \u2018continuar\u00e1\u2019, una oportunidad \u00fanica, que debe ser consumada plenamente mientras dura y en el acto\u201d (103). Asimismo, en <i>Los<\/i>\u00a0<em>t<\/em><i>erneros<\/i> estos sujetos \u201cl\u00edquidos\u201d han perdido el futuro, en una preeminencia de lo moment\u00e1neo, deambulan perdidos en las ciudades, y, sobre todo, perdidos en ellos mismos.<\/p>\n<p>Las historias sugieren actores tr\u00e1gicos, que han subido a la escena equivocada o que interpretan un papel que no anhelan. En ese sentido, asumen un sacrificio a pesar de s\u00ed. <i>Los terneros<\/i> cuentan el sacrificio ignorado y desapercibido de h\u00e9roes insuficientes. Un hombre que tiene la impresi\u00f3n de estar siempre rezagado, recorre los recovecos del DF mexicano, acompa\u00f1ando por un ciego. El nuevo conductor de un servicio de taxis, se ha rehabilitado a pesar de s\u00ed, y se desvela en turnos sin fin para pagar un colegio especial para su hijo autista, mientras espera encontrar a una misteriosa motociclista. Un escritor luego de una desatendida presentaci\u00f3n de su libro en la lluviosa Biarritz, comparte la noche triste de un joven estancado en atender la agon\u00eda de su padre, un antiguo piloto. Un estudiante de ling\u00fc\u00edstica, entristecido por la parvedad de los afectos y los intercambios en Par\u00eds, se entrega a descubrir una teor\u00eda conspirativa que dilucidar\u00eda el destino de Francia. Un profesor de letras a pesar de posponer por muchos a\u00f1os su lectura de <i>Don Quijote<\/i> lo extrapola a su realidad, para hacer m\u00e1s tolerable el contexto de una academia y, en general, de un pa\u00eds devastado por el gobierno revolucionario. El hijo de un sastre, de importantes pol\u00edticos y admirador de la transici\u00f3n a la democracia, descose sus deseos profesionales frente a los de su padre. En \u201cLos terneros\u201d, un profesor que ha publicado una cr\u00f3nica sobre la tortura de la que fue v\u00edctima su sobrino apresado por la Guardia del Pueblo descubre por medio de un pintor c\u00f3mo la clase alta ha sido c\u00f3mplice de poder al que inducen a profesores y estudiantes a enfrentar:<\/p>\n<p style=\"margin-left: 40px;\">Fui a la reuni\u00f3n no porque, como suger\u00edan algunos de mis colegas, creyera que ten\u00eda que hacer algo, sino porque no sab\u00eda qu\u00e9 m\u00e1s hacer. Tampoco sab\u00eda qu\u00e9 es lo que se supone que deb\u00eda hacer una Escuela de Artes para enfrentar una dictadura. \u00bfDeb\u00eda, de hecho, enfrentarla?<\/p>\n<p>Este abanico de personajes es la puerta de entrada a historias inquietantes que se hilan en la peque\u00f1a y taciturna cotidianidad. Entre los relatos resalta \u201cLos locos de Par\u00eds\u201d, donde el autor logra con habilidad entrelazar el luto de una ciudad doblegada por los atentados y el duelo de un inadecuado migrante. El aislamiento, la imperturbabilidad y el silencio que le arrinconan contrastan con el brillo de la palabra:<\/p>\n<p style=\"margin-left: 40px;\">Entr\u00e9 en la iglesia y qued\u00e9 subyugado por la honda belleza, como de pozo suspendido, de su interior. Sin saber muy bien por qu\u00e9, experiment\u00e9 un profundo sentimiento de culpa. Fue como si la concavidad g\u00f3tica de las naves se hubiera revertido, clav\u00e1ndose en mi pecho.<\/p>\n<p>En <i>La velocidad de las cosas <\/i>(1998) con respecto a las caracter\u00edsticas de los g\u00e9neros literarios,<i> <\/i>Rodrigo Fres\u00e1n toma la frase de Philip Kindred Dick, \u201cla novela trata sobre el asesino mientras el cuento sobre el asesinato\u201d, y la reformula en \u201cla novela trata del laboratorio mientras que el cuento trata del experimento\u201d. Ambas im\u00e1genes proponen<i> <\/i>la preponderancia del hecho que estalla y aspira la trama. En el caso de <i>Los terneros<\/i>, desde un uso riguroso del lenguaje, el elemento com\u00fan del sacrificio es el acontecimiento que detona, o que m\u00e1s bien, como una implosi\u00f3n desbarata las vidas de personajes en un mundo insensible a sus deseos.<\/p>\n<p style=\"text-align: right;\">Carmen Victoria Vivas-Lacour<br \/>\nUniversit\u00e9 de Cergy-Pontoise<\/p>\n","protected":false},"excerpt":{"rendered":"<p><b><i>Los terneros<\/i>. Rodrigo Blanco Calder\u00f3n. Madrid: P\u00e1ginas de Espuma. 2018. 118 p\u00e1ginas.<\/b><\/p>\n","protected":false},"author":3,"featured_media":5740,"template":"","meta":{"_acf_changed":false},"categories":[],"tags":[4458],"editors":[],"review_sections":[2043],"reviewers":[2119],"translator":[],"editors_pick":[],"lal_author":[],"class_list":["post-5743","book_review","type-book_review","status-publish","has-post-thumbnail","hentry","tag-numero-7","review_sections-ficcion","reviewers-carmen-victoria-vivas-lacour-es"],"acf":{"richtitle":"<em>Los terneros<\/em> de Rodrigo Blanco Calder\u00f3n","reviewers":"","title_field":"Los terneros de Rodrigo Blanco Calder\u00f3n","issueofarticle":6541,"sidebartitle":"<em>Los terneros<\/em> de Rodrigo Blanco Calder\u00f3n","thumbnail":5740,"collection-articleimage":null},"_links":{"self":[{"href":"https:\/\/latinamericanliteraturetoday.org\/es\/wp-json\/wp\/v2\/book_review\/5743","targetHints":{"allow":["GET"]}}],"collection":[{"href":"https:\/\/latinamericanliteraturetoday.org\/es\/wp-json\/wp\/v2\/book_review"}],"about":[{"href":"https:\/\/latinamericanliteraturetoday.org\/es\/wp-json\/wp\/v2\/types\/book_review"}],"author":[{"embeddable":true,"href":"https:\/\/latinamericanliteraturetoday.org\/es\/wp-json\/wp\/v2\/users\/3"}],"version-history":[{"count":0,"href":"https:\/\/latinamericanliteraturetoday.org\/es\/wp-json\/wp\/v2\/book_review\/5743\/revisions"}],"acf:post":[{"embeddable":true,"href":"https:\/\/latinamericanliteraturetoday.org\/es\/wp-json\/wp\/v2\/issue\/6541"}],"wp:featuredmedia":[{"embeddable":true,"href":"https:\/\/latinamericanliteraturetoday.org\/es\/wp-json\/wp\/v2\/media\/5740"}],"wp:attachment":[{"href":"https:\/\/latinamericanliteraturetoday.org\/es\/wp-json\/wp\/v2\/media?parent=5743"}],"wp:term":[{"taxonomy":"category","embeddable":true,"href":"https:\/\/latinamericanliteraturetoday.org\/es\/wp-json\/wp\/v2\/categories?post=5743"},{"taxonomy":"post_tag","embeddable":true,"href":"https:\/\/latinamericanliteraturetoday.org\/es\/wp-json\/wp\/v2\/tags?post=5743"},{"taxonomy":"editors","embeddable":true,"href":"https:\/\/latinamericanliteraturetoday.org\/es\/wp-json\/wp\/v2\/editors?post=5743"},{"taxonomy":"review_sections","embeddable":true,"href":"https:\/\/latinamericanliteraturetoday.org\/es\/wp-json\/wp\/v2\/review_sections?post=5743"},{"taxonomy":"reviewers","embeddable":true,"href":"https:\/\/latinamericanliteraturetoday.org\/es\/wp-json\/wp\/v2\/reviewers?post=5743"},{"taxonomy":"translator","embeddable":true,"href":"https:\/\/latinamericanliteraturetoday.org\/es\/wp-json\/wp\/v2\/translator?post=5743"},{"taxonomy":"editors_pick","embeddable":true,"href":"https:\/\/latinamericanliteraturetoday.org\/es\/wp-json\/wp\/v2\/editors_pick?post=5743"},{"taxonomy":"lal_author","embeddable":true,"href":"https:\/\/latinamericanliteraturetoday.org\/es\/wp-json\/wp\/v2\/lal_author?post=5743"}],"curies":[{"name":"wp","href":"https:\/\/api.w.org\/{rel}","templated":true}]}}

https://latinamericanliteraturetoday.org/es/reseñas/los-terneros-rodrigo-blanco-calderon-2/

Los terneros de Rodrigo Blanco Calderón

<style type="text/css">p.p1 {margin: 0.0px 0.0px 0.0px 0.0px; font: 12.0px Times}<br />
p.p2 {margin: 0.0px 0.0px 0.0px 0.0px; font: 12.0px Times; min-height: 14.0px}<br />
p.p3 {margin: 0.0px 0.0px 0.0px 0.0px; text-align: justify; font: 12.0px Times}<br />
p.p4 {margin: 0.0px 0.0px 0.0px 0.0px; text-align: justify; font: 12.0px Times; min-height: 14.0px}<br />
p.p5 {margin: 0.0px 0.0px 0.0px 36.0px; text-align: justify; font: 12.0px Times}<br />
p.p6 {margin: 0.0px 0.0px 0.0px 36.0px; text-align: justify; font: 12.0px Times; min-height: 14.0px}<br />
p.p7 {margin: 0.0px 0.0px 0.0px 0.0px; text-align: right; font: 12.0px Times}<br />
</style>
<p><b><i>Los terneros</i>. Rodrigo Blanco Calderón. Madrid: Páginas de Espuma. 2018. 118 páginas.</b></p>
<p><img fetchpriority="high" decoding="async" class=" alignleft size-full wp-image-5740" style="margin: 10px; float: left;" src="https://latinamericanliteraturetoday.org/wp-content/uploads/2018/07/los_terneros.jpg" alt="" width="300" height="480" title="" srcset="https://latinamericanliteraturetoday.org/wp-content/uploads/2018/07/los_terneros.jpg 300w, https://latinamericanliteraturetoday.org/wp-content/uploads/2018/07/los_terneros-188x300.jpg 188w" sizes="(max-width: 300px) 100vw, 300px" /></p>
<style type="text/css">p.p1 {margin: 0.0px 0.0px 0.0px 0.0px; text-align: justify; font: 12.0px Times}<br />
p.p2 {margin: 0.0px 0.0px 0.0px 0.0px; text-align: justify; font: 12.0px Times; min-height: 14.0px}<br />
p.p3 {margin: 0.0px 0.0px 0.0px 0.0px; font: 12.0px Times}<br />
p.p4 {margin: 0.0px 0.0px 0.0px 0.0px; font: 12.0px Times; min-height: 14.0px}<br />
p.p5 {margin: 0.0px 0.0px 0.0px 0.0px; text-align: right; font: 12.0px Times}<br />
span.s1 {color: #ff2600}<br />
span.s2 {font: 12.0px 'Times New Roman'}<br />
</style>
<p>Dos años después de la aparición de su primera novela, <i>The Night </i>(Prix rive gauche à Paris du livre étranger 2016), Rodrigo Blanco Calderón retorna al cuento en una cuarta antología titulada <i>Los terneros </i>(finalista del <i>V Premio</i> <i>Ribera del Duero</i>). Siete cuentos completan esta nueva compilación de relatos cortos del escritor venezolano.</p>
<p>Una cuidadosa edición de <i>Páginas de Espuma</i> nos muestra en su portada una fotografía de las requisas policiales que siguieron a los terribles atentados ocurridos en Paris la noche del 13 de noviembre. Esta imagen es una pista de lo que encontraremos en los relatos de Blanco Calderón, protagonistas que parecen testigos fortuitos de historias en las que no buscaron figurar. Estos personajes son arrastrados por situaciones accidentales que enfrentan con pasividad, parecen pequeños frente a circunstancias que no descifran y que sufren, algunas veces, con resignación y, otras, con profundo temor. Sin asideros ni en lo domestico ni en lo profesional, son errantes, o más bien extraviados, ya sea en su país o fuera de él.</p>
<p>Estos parecen trazados dentro de los parámetros que señala Zygmunt Bauman en <i>Modernidad Líquida </i>(2002), donde describe a individuos nómadas, desaferrados, sin sentido de lo nacional, que dan testimonio de la desintegración de la trama social. Tal como Bauman describe el encuentro entre extraños, como un acontecimiento sin pasado y sin futuro: “una historia que, sin duda, no ‘continuará’, una oportunidad única, que debe ser consumada plenamente mientras dura y en el acto” (103). Asimismo, en <i>Los</i> <em>t</em><i>erneros</i> estos sujetos “líquidos” han perdido el futuro, en una preeminencia de lo momentáneo, deambulan perdidos en las ciudades, y, sobre todo, perdidos en ellos mismos.</p>
<p>Las historias sugieren actores trágicos, que han subido a la escena equivocada o que interpretan un papel que no anhelan. En ese sentido, asumen un sacrificio a pesar de sí. <i>Los terneros</i> cuentan el sacrificio ignorado y desapercibido de héroes insuficientes. Un hombre que tiene la impresión de estar siempre rezagado, recorre los recovecos del DF mexicano, acompañando por un ciego. El nuevo conductor de un servicio de taxis, se ha rehabilitado a pesar de sí, y se desvela en turnos sin fin para pagar un colegio especial para su hijo autista, mientras espera encontrar a una misteriosa motociclista. Un escritor luego de una desatendida presentación de su libro en la lluviosa Biarritz, comparte la noche triste de un joven estancado en atender la agonía de su padre, un antiguo piloto. Un estudiante de lingüística, entristecido por la parvedad de los afectos y los intercambios en París, se entrega a descubrir una teoría conspirativa que dilucidaría el destino de Francia. Un profesor de letras a pesar de posponer por muchos años su lectura de <i>Don Quijote</i> lo extrapola a su realidad, para hacer más tolerable el contexto de una academia y, en general, de un país devastado por el gobierno revolucionario. El hijo de un sastre, de importantes políticos y admirador de la transición a la democracia, descose sus deseos profesionales frente a los de su padre. En “Los terneros”, un profesor que ha publicado una crónica sobre la tortura de la que fue víctima su sobrino apresado por la Guardia del Pueblo descubre por medio de un pintor cómo la clase alta ha sido cómplice de poder al que inducen a profesores y estudiantes a enfrentar:</p>
<p style="margin-left: 40px;">Fui a la reunión no porque, como sugerían algunos de mis colegas, creyera que tenía que hacer algo, sino porque no sabía qué más hacer. Tampoco sabía qué es lo que se supone que debía hacer una Escuela de Artes para enfrentar una dictadura. ¿Debía, de hecho, enfrentarla?</p>
<p>Este abanico de personajes es la puerta de entrada a historias inquietantes que se hilan en la pequeña y taciturna cotidianidad. Entre los relatos resalta “Los locos de París”, donde el autor logra con habilidad entrelazar el luto de una ciudad doblegada por los atentados y el duelo de un inadecuado migrante. El aislamiento, la imperturbabilidad y el silencio que le arrinconan contrastan con el brillo de la palabra:</p>
<p style="margin-left: 40px;">Entré en la iglesia y quedé subyugado por la honda belleza, como de pozo suspendido, de su interior. Sin saber muy bien por qué, experimenté un profundo sentimiento de culpa. Fue como si la concavidad gótica de las naves se hubiera revertido, clavándose en mi pecho.</p>
<p>En <i>La velocidad de las cosas </i>(1998) con respecto a las características de los géneros literarios,<i> </i>Rodrigo Fresán toma la frase de Philip Kindred Dick, “la novela trata sobre el asesino mientras el cuento sobre el asesinato”, y la reformula en “la novela trata del laboratorio mientras que el cuento trata del experimento”. Ambas imágenes proponen<i> </i>la preponderancia del hecho que estalla y aspira la trama. En el caso de <i>Los terneros</i>, desde un uso riguroso del lenguaje, el elemento común del sacrificio es el acontecimiento que detona, o que más bien, como una implosión desbarata las vidas de personajes en un mundo insensible a sus deseos.</p>
<p style="text-align: right;">Carmen Victoria Vivas-Lacour<br />
Université de Cergy-Pontoise</p>

<p><b><i>Los terneros</i>. Rodrigo Blanco Calderón. Madrid: Páginas de Espuma. 2018. 118 páginas.</b></p>

<em>Los terneros</em> de Rodrigo Blanco Calderón
