{"id":28772,"date":"2023-12-03T01:03:24","date_gmt":"2023-12-03T07:03:24","guid":{"rendered":"https:\/\/latinamericanliteraturetoday.org\/?post_type=book_review&#038;p=28772"},"modified":"2023-12-17T18:33:45","modified_gmt":"2023-12-18T00:33:45","slug":"andor-de-raquel-abend-van-dalen","status":"publish","type":"book_review","link":"https:\/\/latinamericanliteraturetoday.org\/es\/rese\u00f1as\/andor-de-raquel-abend-van-dalen\/","title":{"rendered":"Andor de Raquel Abend van Dalen"},"content":{"rendered":"<p><b>Austin, Texas: Hablemos, escritoras. 2023. Audiolibro. 5 horas, 9 minutos.<\/b><\/p>\n<p><span style=\"font-weight: 400;\"><img fetchpriority=\"high\" decoding=\"async\" class=\"alignleft wp-image-28740\" src=\"https:\/\/latinamericanliteraturetoday.org\/wp-content\/uploads\/2023\/12\/Portada_Andor-1.jpg\" alt=\"\" width=\"250\" height=\"250\" title=\"\" srcset=\"https:\/\/latinamericanliteraturetoday.org\/wp-content\/uploads\/2023\/12\/Portada_Andor-1.jpg 1200w, https:\/\/latinamericanliteraturetoday.org\/wp-content\/uploads\/2023\/12\/Portada_Andor-1-300x300.jpg 300w, https:\/\/latinamericanliteraturetoday.org\/wp-content\/uploads\/2023\/12\/Portada_Andor-1-1024x1024.jpg 1024w, https:\/\/latinamericanliteraturetoday.org\/wp-content\/uploads\/2023\/12\/Portada_Andor-1-150x150.jpg 150w, https:\/\/latinamericanliteraturetoday.org\/wp-content\/uploads\/2023\/12\/Portada_Andor-1-768x768.jpg 768w\" sizes=\"(max-width: 250px) 100vw, 250px\" \/>\u00bfSomos capaces de decidir si queremos vivir o morir? \u00bfTenemos en alg\u00fan momento la posibilidad de tomarnos un tiempo para responder a esa pregunta sin caer en un abismo? Y si la tuvi\u00e9ramos, \u00bfqu\u00e9 tendr\u00eda que pasar para que opt\u00e1ramos por la vida? \u00bfQu\u00e9 pasar\u00eda si nada nos convence de que vivir vale la pena? Esta y otras preguntas est\u00e1n en el centro de la novela <\/span><i><span style=\"font-weight: 400;\">Andor<\/span><\/i><span style=\"font-weight: 400;\">, de la escritora venezolana Raquel Abend van Dalen. Esta ficci\u00f3n dist\u00f3pica \u2013publicada originalmente en 2013 y relanzada en 2023 como audiolibro por el podcast\/librer\u00eda\/editorial <\/span><i><span style=\"font-weight: 400;\">Hablemos, escritoras<\/span><\/i><span style=\"font-weight: 400;\">\u2013 anuncia muchos de los elementos que van a marcar la trayectoria de la autora: personajes en situaciones absurdas, la memoria como espacio de consuelo pero tambi\u00e9n como lugar del trauma, complejos estados emocionales, nostalgias recurrentes, cierto nihilismo con respecto a las relaciones humanas, una especie de cansancio anticipado por estar condenados a repetir todo, una y otra vez.<\/span><\/p>\n<p><span style=\"font-weight: 400;\">En esta novela, el centro de la historia es Andor, un espacio dist\u00f3pico que se presenta bajo la fachada de un hotel y que es una especie de limbo al que van a parar los que est\u00e1n entre la vida y la muerte. Y, sin embargo, es mucho m\u00e1s que eso. Mientras escuchamos los primeros cap\u00edtulos que nos adentran en la ficci\u00f3n \u2013narrada e interpretada por Nando Garza\u2013 vamos intentando descifrar junto con Edgar Enrique Crane, el protagonista, de qu\u00e9 tipo de espacio se trata. Pero estamos ante una b\u00fasqueda a ciegas. Por los primeros quince cap\u00edtulos s\u00f3lo sabemos lo que el narrador en primera persona nos cuenta; lo acompa\u00f1amos en su confusi\u00f3n y en sus intentos de entender la l\u00f3gica a la que se ve sometido en ese hotel en el que no se sabe si est\u00e1 preso, atrapado o condenado, si debe cumplir una sentencia o responder a una demanda.<\/span><\/p>\n<p><span style=\"font-weight: 400;\">En <\/span><i><span style=\"font-weight: 400;\">Andor<\/span><\/i><span style=\"font-weight: 400;\"> todo pasa como en un sue\u00f1o, con la l\u00f3gica repetitiva de las pesadillas, que hace inevitable la referencia al laberinto, a los meandros burocr\u00e1ticos kafkianos, al absurdo bequetiano de los personajes que esperan contra toda esperanza. Todo se posterga en esta ficci\u00f3n. Incluso los v\u00ednculos entre los personajes se rigen por la misma l\u00f3gica intermitente. Porque estamos entre figuras jalonadas por emociones extremas que van del tedio a la histeria, pasando por los distintos grados de la atracci\u00f3n y el rechazo, la violencia activa o pasiva, mientras deambulan por un territorio maleable, que se encoje o se ampl\u00eda dependiendo de los intereses y emociones de quienes lo recorren.\u00a0<\/span><\/p>\n<blockquote>\n<p style=\"text-align: center;\"><b>\u201cHEMOS ACEPTADO EL VIAJE Y HEMOS LLEGADO CON \u00c9L A LA \u00daLTIMA ESTACI\u00d3N. ES POSIBLE QUE HAYAMOS CAMBIADO JUNTO CON EL PROTAGONISTA. EN TODO CASO, LO M\u00c1S SEGURO ES QUE YA NO SEAMOS LOS MISMOS\u201d<\/b><\/p>\n<\/blockquote>\n<p><span style=\"font-weight: 400;\">A medida que la historia avanza vamos descifrando algunos misterios que tienen que ver con la decisi\u00f3n fundamental que deben tomar los residentes de Andor. Cada uno debe decidir si quiere vivir o si la muerte es su opci\u00f3n definitiva. La clave de esta decisi\u00f3n parece depender de que acepten enfrentarse con las emociones m\u00e1s b\u00e1sicas, las diferentes formas del miedo o del deseo, los traumas de infancia que incluyen las relaciones con el padre y la madre, los terrores diurnos y nocturnos, los vicios, los atavismos, las min\u00fasculas miserias cotidianas.\u00a0<\/span><\/p>\n<p><span style=\"font-weight: 400;\">Pero todos los personajes, y particularmente el protagonista, enfrentan su devenir sin saber realmente a d\u00f3nde van. Reciben breves instrucciones que deben obedecer y, sin embargo, su recorrido se mantiene siempre al borde de la l\u00f3gica. El contraste entre el absurdo de la situaci\u00f3n en que se encuentran y el nivel de detalle con que se describen los rituales cotidianos \u2013levantarse, ba\u00f1arse, vestirse, salir, volver, dormir\u2013 contribuye a que la historia sea al mismo tiempo intrigante y repetitiva. Como en las peores pesadillas, la nitidez con la que aparecen los espacios, los vestuarios, las comidas, va creando una tensi\u00f3n que resulta casi insoportable. Pero ya dentro del laberinto no queda otra opci\u00f3n que buscar la salida.<\/span><\/p>\n<p><span style=\"font-weight: 400;\">En el cap\u00edtulo 15 se produce un brusco cambio de perspectiva que permite que el p\u00fablico \u2013que oye o que lee\u2013 adquiera una informaci\u00f3n que los personajes no tienen y eso nos ofrece un impulso para seguir escuchando. A estas alturas, hay que suponer que la mayor\u00eda de la audiencia de habla hispana ha aceptado ya el contrato de una voz con claro acento mexicano que habla con modismos y giros t\u00edpicamente venezolanos, m\u00e1s espec\u00edficamente caraque\u00f1os. Esta incongruencia puede que pase inadvertida para oyentes de otras nacionalidades, pero tanto mexicanos como venezolanos tendr\u00e1n que hacer un esfuerzo considerable para llegar al punto en que puedan suspender la incredulidad y entregarse a la historia sin oponer resistencia.<\/span><\/p>\n<p><span style=\"font-weight: 400;\">El auge de este formato, que recupera en muchos sentidos la tradici\u00f3n oral de contar historias en voz alta, ha permitido que las novelas publicadas hace algunos a\u00f1os adquieran un segundo aire y es sin duda un hallazgo feliz que <\/span><i><span style=\"font-weight: 400;\">Hablemos, escritoras<\/span><\/i><span style=\"font-weight: 400;\"> haya elegido esta ficci\u00f3n de Raquel Abend van Dalen para iniciar su colecci\u00f3n de audiolibros. Pero justamente porque se trata de un ejercicio tan \u00edntimo como lo es la escucha, la especificidad del acento importa. Escuchar un relato tan cargado de giros cotidianos caraque\u00f1os en un acento mexicano produce un ruido que cuesta pasar por alto, incluso entre quienes se encuentran en medio de la di\u00e1spora latinoamericana. Por suerte, Garza hace un excelente trabajo y la calidad misma de la ficci\u00f3n logra superar eventualmente ese obst\u00e1culo. Una vez que aceptamos que un narrador mexicano nos est\u00e1 contando una historia caraque\u00f1a, esta inconsistencia puede quedar en un segundo plano.<\/span><\/p>\n<p><span style=\"font-weight: 400;\">La \u00faltima parte de la historia se desarrolla en un tren que llega a una estaci\u00f3n donde es necesario continuar la espera. El viaje est\u00e1 por concluir y el protagonista ha hecho el recorrido al que estaba destinado, ha explorado sus l\u00edmites, ha redescubierto el deseo, ha llegado al punto en que el horror ante su propia capacidad de violencia le ha obligado a regresar a una forma de cordura. Lo \u00fanico que falta es que tome una decisi\u00f3n como quien se entrega al destino que le corresponde. Hemos aceptado el viaje y hemos llegado con \u00e9l a la \u00faltima estaci\u00f3n. Es posible que hayamos cambiado junto con el protagonista. En todo caso, lo m\u00e1s seguro es que ya no seamos los mismos. Llegados a este punto, \u00bfseremos capaces de decidir por nuestra cuenta si queremos vivir o morir?<\/span><\/p>\n<p><!-- HTML !--><\/p>\n<p><center><a class=\"bookshop-button\" role=\"button\" href=\"https:\/\/bookshop.org\/lists\/issue-28?\" target=\"_blank\" rel=\"noopener\">Compra los libros destacados en este n\u00famero en nuestra p\u00e1gina de Bookshop<\/a><\/center><br \/>\n<!-- HTML !--><\/p>\n","protected":false},"excerpt":{"rendered":"<p>\u201cEn esta novela, el centro de la historia es Andor, un espacio dist\u00f3pico que se presenta bajo la fachada de un hotel y que es una especie de limbo al que van a parar los que est\u00e1n entre la vida y la muerte\u201d<\/p>\n","protected":false},"author":5,"featured_media":28740,"template":"","meta":{"_acf_changed":false},"categories":[],"tags":[4779,4780],"editors":[],"review_sections":[2043],"reviewers":[2083],"translator":[2458],"editors_pick":[],"lal_author":[],"class_list":["post-28772","book_review","type-book_review","status-publish","has-post-thumbnail","hentry","tag-issue-28-es","tag-numero-28-es","review_sections-ficcion","reviewers-raquel-rivas-rojas-es","translator-arthur-malcolm-dixon-es"],"acf":{"richtitle":"<i>Andor<\/i> de Raquel Abend van Dalen","reviewers":"","title_field":"","issueofarticle":28385,"sidebartitle":"","thumbnail":"","collection-articleimage":null},"_links":{"self":[{"href":"https:\/\/latinamericanliteraturetoday.org\/es\/wp-json\/wp\/v2\/book_review\/28772","targetHints":{"allow":["GET"]}}],"collection":[{"href":"https:\/\/latinamericanliteraturetoday.org\/es\/wp-json\/wp\/v2\/book_review"}],"about":[{"href":"https:\/\/latinamericanliteraturetoday.org\/es\/wp-json\/wp\/v2\/types\/book_review"}],"author":[{"embeddable":true,"href":"https:\/\/latinamericanliteraturetoday.org\/es\/wp-json\/wp\/v2\/users\/5"}],"version-history":[{"count":4,"href":"https:\/\/latinamericanliteraturetoday.org\/es\/wp-json\/wp\/v2\/book_review\/28772\/revisions"}],"predecessor-version":[{"id":28959,"href":"https:\/\/latinamericanliteraturetoday.org\/es\/wp-json\/wp\/v2\/book_review\/28772\/revisions\/28959"}],"acf:post":[{"embeddable":true,"href":"https:\/\/latinamericanliteraturetoday.org\/es\/wp-json\/wp\/v2\/issue\/28385"}],"wp:featuredmedia":[{"embeddable":true,"href":"https:\/\/latinamericanliteraturetoday.org\/es\/wp-json\/wp\/v2\/media\/28740"}],"wp:attachment":[{"href":"https:\/\/latinamericanliteraturetoday.org\/es\/wp-json\/wp\/v2\/media?parent=28772"}],"wp:term":[{"taxonomy":"category","embeddable":true,"href":"https:\/\/latinamericanliteraturetoday.org\/es\/wp-json\/wp\/v2\/categories?post=28772"},{"taxonomy":"post_tag","embeddable":true,"href":"https:\/\/latinamericanliteraturetoday.org\/es\/wp-json\/wp\/v2\/tags?post=28772"},{"taxonomy":"editors","embeddable":true,"href":"https:\/\/latinamericanliteraturetoday.org\/es\/wp-json\/wp\/v2\/editors?post=28772"},{"taxonomy":"review_sections","embeddable":true,"href":"https:\/\/latinamericanliteraturetoday.org\/es\/wp-json\/wp\/v2\/review_sections?post=28772"},{"taxonomy":"reviewers","embeddable":true,"href":"https:\/\/latinamericanliteraturetoday.org\/es\/wp-json\/wp\/v2\/reviewers?post=28772"},{"taxonomy":"translator","embeddable":true,"href":"https:\/\/latinamericanliteraturetoday.org\/es\/wp-json\/wp\/v2\/translator?post=28772"},{"taxonomy":"editors_pick","embeddable":true,"href":"https:\/\/latinamericanliteraturetoday.org\/es\/wp-json\/wp\/v2\/editors_pick?post=28772"},{"taxonomy":"lal_author","embeddable":true,"href":"https:\/\/latinamericanliteraturetoday.org\/es\/wp-json\/wp\/v2\/lal_author?post=28772"}],"curies":[{"name":"wp","href":"https:\/\/api.w.org\/{rel}","templated":true}]}}

https://latinamericanliteraturetoday.org/es/reseñas/andor-de-raquel-abend-van-dalen/

<p><b>Austin, Texas: Hablemos, escritoras. 2023. Audiolibro. 5 horas, 9 minutos.</b></p>
<p><span style="font-weight: 400;"><img fetchpriority="high" decoding="async" class="alignleft wp-image-28740" src="https://latinamericanliteraturetoday.org/wp-content/uploads/2023/12/Portada_Andor-1.jpg" alt="" width="250" height="250" title="" srcset="https://latinamericanliteraturetoday.org/wp-content/uploads/2023/12/Portada_Andor-1.jpg 1200w, https://latinamericanliteraturetoday.org/wp-content/uploads/2023/12/Portada_Andor-1-300x300.jpg 300w, https://latinamericanliteraturetoday.org/wp-content/uploads/2023/12/Portada_Andor-1-1024x1024.jpg 1024w, https://latinamericanliteraturetoday.org/wp-content/uploads/2023/12/Portada_Andor-1-150x150.jpg 150w, https://latinamericanliteraturetoday.org/wp-content/uploads/2023/12/Portada_Andor-1-768x768.jpg 768w" sizes="(max-width: 250px) 100vw, 250px" />¿Somos capaces de decidir si queremos vivir o morir? ¿Tenemos en algún momento la posibilidad de tomarnos un tiempo para responder a esa pregunta sin caer en un abismo? Y si la tuviéramos, ¿qué tendría que pasar para que optáramos por la vida? ¿Qué pasaría si nada nos convence de que vivir vale la pena? Esta y otras preguntas están en el centro de la novela </span><i><span style="font-weight: 400;">Andor</span></i><span style="font-weight: 400;">, de la escritora venezolana Raquel Abend van Dalen. Esta ficción distópica –publicada originalmente en 2013 y relanzada en 2023 como audiolibro por el podcast/librería/editorial </span><i><span style="font-weight: 400;">Hablemos, escritoras</span></i><span style="font-weight: 400;">– anuncia muchos de los elementos que van a marcar la trayectoria de la autora: personajes en situaciones absurdas, la memoria como espacio de consuelo pero también como lugar del trauma, complejos estados emocionales, nostalgias recurrentes, cierto nihilismo con respecto a las relaciones humanas, una especie de cansancio anticipado por estar condenados a repetir todo, una y otra vez.</span></p>
<p><span style="font-weight: 400;">En esta novela, el centro de la historia es Andor, un espacio distópico que se presenta bajo la fachada de un hotel y que es una especie de limbo al que van a parar los que están entre la vida y la muerte. Y, sin embargo, es mucho más que eso. Mientras escuchamos los primeros capítulos que nos adentran en la ficción –narrada e interpretada por Nando Garza– vamos intentando descifrar junto con Edgar Enrique Crane, el protagonista, de qué tipo de espacio se trata. Pero estamos ante una búsqueda a ciegas. Por los primeros quince capítulos sólo sabemos lo que el narrador en primera persona nos cuenta; lo acompañamos en su confusión y en sus intentos de entender la lógica a la que se ve sometido en ese hotel en el que no se sabe si está preso, atrapado o condenado, si debe cumplir una sentencia o responder a una demanda.</span></p>
<p><span style="font-weight: 400;">En </span><i><span style="font-weight: 400;">Andor</span></i><span style="font-weight: 400;"> todo pasa como en un sueño, con la lógica repetitiva de las pesadillas, que hace inevitable la referencia al laberinto, a los meandros burocráticos kafkianos, al absurdo bequetiano de los personajes que esperan contra toda esperanza. Todo se posterga en esta ficción. Incluso los vínculos entre los personajes se rigen por la misma lógica intermitente. Porque estamos entre figuras jalonadas por emociones extremas que van del tedio a la histeria, pasando por los distintos grados de la atracción y el rechazo, la violencia activa o pasiva, mientras deambulan por un territorio maleable, que se encoje o se amplía dependiendo de los intereses y emociones de quienes lo recorren. </span></p>
<blockquote>
<p style="text-align: center;"><b>“HEMOS ACEPTADO EL VIAJE Y HEMOS LLEGADO CON ÉL A LA ÚLTIMA ESTACIÓN. ES POSIBLE QUE HAYAMOS CAMBIADO JUNTO CON EL PROTAGONISTA. EN TODO CASO, LO MÁS SEGURO ES QUE YA NO SEAMOS LOS MISMOS”</b></p>
</blockquote>
<p><span style="font-weight: 400;">A medida que la historia avanza vamos descifrando algunos misterios que tienen que ver con la decisión fundamental que deben tomar los residentes de Andor. Cada uno debe decidir si quiere vivir o si la muerte es su opción definitiva. La clave de esta decisión parece depender de que acepten enfrentarse con las emociones más básicas, las diferentes formas del miedo o del deseo, los traumas de infancia que incluyen las relaciones con el padre y la madre, los terrores diurnos y nocturnos, los vicios, los atavismos, las minúsculas miserias cotidianas. </span></p>
<p><span style="font-weight: 400;">Pero todos los personajes, y particularmente el protagonista, enfrentan su devenir sin saber realmente a dónde van. Reciben breves instrucciones que deben obedecer y, sin embargo, su recorrido se mantiene siempre al borde de la lógica. El contraste entre el absurdo de la situación en que se encuentran y el nivel de detalle con que se describen los rituales cotidianos –levantarse, bañarse, vestirse, salir, volver, dormir– contribuye a que la historia sea al mismo tiempo intrigante y repetitiva. Como en las peores pesadillas, la nitidez con la que aparecen los espacios, los vestuarios, las comidas, va creando una tensión que resulta casi insoportable. Pero ya dentro del laberinto no queda otra opción que buscar la salida.</span></p>
<p><span style="font-weight: 400;">En el capítulo 15 se produce un brusco cambio de perspectiva que permite que el público –que oye o que lee– adquiera una información que los personajes no tienen y eso nos ofrece un impulso para seguir escuchando. A estas alturas, hay que suponer que la mayoría de la audiencia de habla hispana ha aceptado ya el contrato de una voz con claro acento mexicano que habla con modismos y giros típicamente venezolanos, más específicamente caraqueños. Esta incongruencia puede que pase inadvertida para oyentes de otras nacionalidades, pero tanto mexicanos como venezolanos tendrán que hacer un esfuerzo considerable para llegar al punto en que puedan suspender la incredulidad y entregarse a la historia sin oponer resistencia.</span></p>
<p><span style="font-weight: 400;">El auge de este formato, que recupera en muchos sentidos la tradición oral de contar historias en voz alta, ha permitido que las novelas publicadas hace algunos años adquieran un segundo aire y es sin duda un hallazgo feliz que </span><i><span style="font-weight: 400;">Hablemos, escritoras</span></i><span style="font-weight: 400;"> haya elegido esta ficción de Raquel Abend van Dalen para iniciar su colección de audiolibros. Pero justamente porque se trata de un ejercicio tan íntimo como lo es la escucha, la especificidad del acento importa. Escuchar un relato tan cargado de giros cotidianos caraqueños en un acento mexicano produce un ruido que cuesta pasar por alto, incluso entre quienes se encuentran en medio de la diáspora latinoamericana. Por suerte, Garza hace un excelente trabajo y la calidad misma de la ficción logra superar eventualmente ese obstáculo. Una vez que aceptamos que un narrador mexicano nos está contando una historia caraqueña, esta inconsistencia puede quedar en un segundo plano.</span></p>
<p><span style="font-weight: 400;">La última parte de la historia se desarrolla en un tren que llega a una estación donde es necesario continuar la espera. El viaje está por concluir y el protagonista ha hecho el recorrido al que estaba destinado, ha explorado sus límites, ha redescubierto el deseo, ha llegado al punto en que el horror ante su propia capacidad de violencia le ha obligado a regresar a una forma de cordura. Lo único que falta es que tome una decisión como quien se entrega al destino que le corresponde. Hemos aceptado el viaje y hemos llegado con él a la última estación. Es posible que hayamos cambiado junto con el protagonista. En todo caso, lo más seguro es que ya no seamos los mismos. Llegados a este punto, ¿seremos capaces de decidir por nuestra cuenta si queremos vivir o morir?</span></p>
<p><!-- HTML !--></p>
<p><center><a class="bookshop-button" role="button" href="https://bookshop.org/lists/issue-28?" target="_blank" rel="noopener">Compra los libros destacados en este número en nuestra página de Bookshop</a></center><br />
<!-- HTML !--></p>

<p>“En esta novela, el centro de la historia es Andor, un espacio distópico que se presenta bajo la fachada de un hotel y que es una especie de limbo al que van a parar los que están entre la vida y la muerte”</p>
