{"id":28764,"date":"2023-12-03T01:02:23","date_gmt":"2023-12-03T07:02:23","guid":{"rendered":"https:\/\/latinamericanliteraturetoday.org\/?post_type=book_review&#038;p=28764"},"modified":"2023-12-17T18:33:34","modified_gmt":"2023-12-18T00:33:34","slug":"el-olor-de-las-ruinas-de-alejandro-medina-franco","status":"publish","type":"book_review","link":"https:\/\/latinamericanliteraturetoday.org\/es\/rese\u00f1as\/el-olor-de-las-ruinas-de-alejandro-medina-franco\/","title":{"rendered":"El olor de las ruinas de Alejandro Medina Franco"},"content":{"rendered":"<p><b>Colombia: Secretar\u00eda de Cultura de Pereira. 2023. 131 p\u00e1ginas.\u00a0<\/b><\/p>\n<p><span style=\"font-weight: 400;\"><img fetchpriority=\"high\" decoding=\"async\" class=\"alignleft wp-image-28744\" src=\"https:\/\/latinamericanliteraturetoday.org\/wp-content\/uploads\/2023\/12\/Portada_El-olor-de-las-ruinas-1.png\" alt=\"\" width=\"250\" height=\"396\" title=\"\" srcset=\"https:\/\/latinamericanliteraturetoday.org\/wp-content\/uploads\/2023\/12\/Portada_El-olor-de-las-ruinas-1.png 330w, https:\/\/latinamericanliteraturetoday.org\/wp-content\/uploads\/2023\/12\/Portada_El-olor-de-las-ruinas-1-189x300.png 189w\" sizes=\"(max-width: 250px) 100vw, 250px\" \/>Cuando creemos haber superado un debate cr\u00edtico aparece un nuevo rebrote que abre las grietas de una querella. Ya forma parte del reservorio literario hispanoamericano el verso de Vicente Huidobro que expone al adjetivo a una existencia binaria: \u201cEl adjetivo, cuando no da vida, mata\u201d. No s\u00e9 si lo hemos malinterpretado, ya que no vemos la posibilidad de elegir sino la autocracia de la supresi\u00f3n. As\u00ed, me temo, aparece el estigma: un poema formalmente <\/span><i><span style=\"font-weight: 400;\">correcto<\/span><\/i><span style=\"font-weight: 400;\">, que se haga respetar, debe cuidarse del adjetivo. La adjetivaci\u00f3n, seg\u00fan esta l\u00ednea, caminar\u00eda muy cerca de algo que no queremos en el texto, en la morfolog\u00eda del poema. De ser esto cierto, el poeta ser\u00eda un epidemi\u00f3logo interesado en detectar las frecuencias del uso del adjetivo \u2013su propagaci\u00f3n\u2013 y tratar m\u00e9dicamente \u2013verbalmente, se entiende\u2013 <\/span><i><span style=\"font-weight: 400;\">excesos<\/span><\/i><span style=\"font-weight: 400;\"> y <\/span><i><span style=\"font-weight: 400;\">abundancias<\/span><\/i><span style=\"font-weight: 400;\">.\u00a0<\/span><\/p>\n<p><span style=\"font-weight: 400;\">\u00bfQu\u00e9 pasar\u00eda si, de manera consciente, el poeta no pensara en un n\u00famero reducido de adjetivos, sino que, en un osado y efectivo uso, se atreviera al \u201cexceso\u201d como po\u00e9tica? Esta ser\u00eda la primera impresi\u00f3n que me ha dejado <\/span><i><span style=\"font-weight: 400;\">El olor de las ruinas<\/span><\/i><span style=\"font-weight: 400;\">, del poeta y cuentista colombiano Alejandro Medina Franco (1981). Medina Franco es mag\u00edster en Literatura de la Universidad Tecnol\u00f3gica de Pereira y con esta obra obtuvo el Premio Colecci\u00f3n de Escritores Pereiranos, en el g\u00e9nero Poes\u00eda (2022). Anteriormente ya hab\u00eda publicado el libro de relatos <\/span><i><span style=\"font-weight: 400;\">La mueca del g\u00f3lem<\/span><\/i><span style=\"font-weight: 400;\"> (2018). La adjetivaci\u00f3n es un \u00e1gil recurso muy frecuente en <\/span><i><span style=\"font-weight: 400;\">El olor de las ruinas<\/span><\/i><span style=\"font-weight: 400;\"> y se despliega en los cauces del verso corto. Este efecto espacial permite otro trato con los poemas que, con ritmo consciente, van nombrando una cotidianidad transmutada y casi cubista: \u201cMi brazo es corto, \/ y es uno, \/ sale del centro de mi pecho; \/ con \u00e9l ha muerto \/ la bella simetr\u00eda\u201d.<\/span><\/p>\n<p style=\"text-align: center;\"><b>\u201cHE VISITADO VARIAS VECES <\/b><b><i>EL OLOR DE LAS RUINAS<\/i><\/b><b> Y NO ESTAR\u00cdA DEL TODO ERRADO SI PIENSO QUE ESTA VOZ ANTIL\u00cdRICA SE ENCUENTRA EN UN MUNDO M\u00c1S DESIGUAL QUE \u00c9STE EN EL CUAL VIVIMOS\u201d<\/b><\/p>\n<p><i><span style=\"font-weight: 400;\">El olor de las ruinas <\/span><\/i><span style=\"font-weight: 400;\">canaliza acertadamente sus influencias, aquellas que est\u00e1n expuestas en ep\u00edgrafes de Charles Baudelaire y Oliverio Girondo, por ejemplo, as\u00ed como aquellas que funcionan como piezas no visibles pero que sustentan las bases y los pilares del poema. Este aspecto me lleva a varios pasajes en la malograda y delictiva vida de Jean-Baptiste Grenouille, especialmente la decadencia que se narra en las primeras p\u00e1ginas y que contextualizan los hechos posteriores de la novela <\/span><i><span style=\"font-weight: 400;\">El perfume.<\/span><\/i><\/p>\n<p><i><span style=\"font-weight: 400;\">El olor de las ruinas<\/span><\/i><span style=\"font-weight: 400;\"> impone una manera de entender el proceso creativo de su autor. No s\u00e9 si se trata de un vicio como lector de poes\u00eda, pero me gusta ver qu\u00e9 motivaciones hay detr\u00e1s de los paisajes aislados del poema; me explico: me gusta ver la lecci\u00f3n discursiva que nos plantea el poeta. Y en el caso de Medina Franco, la premeditaci\u00f3n y la libre elecci\u00f3n, su capacidad de elegir: jugar parqu\u00e9s en un tablero de ajedrez, nombrar el canibalismo, con un muy ponderado lenguaje antirret\u00f3rico, cercano al fe\u00edsmo estilizado. Todo esto se puede apreciar en el poema \u201cLepra\u201d, le\u00eddo como po\u00e9tica. No est\u00e1 lejos de lo dicho por el poeta argentino Enrique Molina, refiri\u00e9ndose al propio Oliverio: \u201cNo teme incorporar a su visi\u00f3n lo que un lirismo acaramelado considera <\/span><i><span style=\"font-weight: 400;\">feo<\/span><\/i><span style=\"font-weight: 400;\">. Pero ese <\/span><i><span style=\"font-weight: 400;\">fe\u00edsmo<\/span><\/i><span style=\"font-weight: 400;\"> no es otra cosa que amor hacia todas las formas del mundo, fuera de sus connotaciones humanas\u201d.<\/span><\/p>\n<p><span style=\"font-weight: 400;\">He visitado varias veces <\/span><i><span style=\"font-weight: 400;\">El olor de las ruinas<\/span><\/i><span style=\"font-weight: 400;\"> \u2013con ojos que buscan corregir y luego con ojos que buscan apreciar\u2013, y no estar\u00eda del todo errado si pienso que esta voz <\/span><i><span style=\"font-weight: 400;\">antil\u00edrica <\/span><\/i><span style=\"font-weight: 400;\">se encuentra en un mundo m\u00e1s desigual que \u00e9ste en el cual vivimos, aunque cueste creerlo: un mundo postapocal\u00edptico y cinematogr\u00e1fico. Este mundo que no parece estar listo para lo bueno ni para lo malo \u2013una realidad sanitaria que no supo lidiar con propagaciones y contingencias\u2013, mucho menos para las adjetivaciones y sus consecuencias en la creaci\u00f3n de mundos textuales.\u00a0<\/span><\/p>\n<p>&nbsp;<\/p>\n<p><!-- HTML !--><\/p>\n<p><center><a class=\"bookshop-button\" role=\"button\" href=\"https:\/\/bookshop.org\/lists\/issue-28?\" target=\"_blank\" rel=\"noopener\">Compra los libros destacados en este n\u00famero en nuestra p\u00e1gina de Bookshop<\/a><\/center><br \/>\n<!-- HTML !--><\/p>\n","protected":false},"excerpt":{"rendered":"<p>\u201cLa adjetivaci\u00f3n es un \u00e1gil recurso muy frecuente en este libro y se despliega en los cauces del verso corto. Este efecto espacial permite otro trato con los poemas que, con ritmo consciente, van nombrando una cotidianidad transmutada y casi cubista\u201d<\/p>\n","protected":false},"author":5,"featured_media":28330,"template":"","meta":{"_acf_changed":false},"categories":[],"tags":[4779,4780],"editors":[],"review_sections":[2044],"reviewers":[2076],"translator":[2458],"editors_pick":[],"lal_author":[],"class_list":["post-28764","book_review","type-book_review","status-publish","has-post-thumbnail","hentry","tag-issue-28-es","tag-numero-28-es","review_sections-poesia","reviewers-nestor-mendoza-es","translator-arthur-malcolm-dixon-es"],"acf":{"richtitle":"<i>El olor de las ruinas<\/i> de Alejandro Medina Franco","reviewers":"","title_field":"","issueofarticle":28385,"sidebartitle":"","thumbnail":"","collection-articleimage":null},"_links":{"self":[{"href":"https:\/\/latinamericanliteraturetoday.org\/es\/wp-json\/wp\/v2\/book_review\/28764","targetHints":{"allow":["GET"]}}],"collection":[{"href":"https:\/\/latinamericanliteraturetoday.org\/es\/wp-json\/wp\/v2\/book_review"}],"about":[{"href":"https:\/\/latinamericanliteraturetoday.org\/es\/wp-json\/wp\/v2\/types\/book_review"}],"author":[{"embeddable":true,"href":"https:\/\/latinamericanliteraturetoday.org\/es\/wp-json\/wp\/v2\/users\/5"}],"version-history":[{"count":5,"href":"https:\/\/latinamericanliteraturetoday.org\/es\/wp-json\/wp\/v2\/book_review\/28764\/revisions"}],"predecessor-version":[{"id":28963,"href":"https:\/\/latinamericanliteraturetoday.org\/es\/wp-json\/wp\/v2\/book_review\/28764\/revisions\/28963"}],"acf:post":[{"embeddable":true,"href":"https:\/\/latinamericanliteraturetoday.org\/es\/wp-json\/wp\/v2\/issue\/28385"}],"wp:featuredmedia":[{"embeddable":true,"href":"https:\/\/latinamericanliteraturetoday.org\/es\/wp-json\/wp\/v2\/media\/28330"}],"wp:attachment":[{"href":"https:\/\/latinamericanliteraturetoday.org\/es\/wp-json\/wp\/v2\/media?parent=28764"}],"wp:term":[{"taxonomy":"category","embeddable":true,"href":"https:\/\/latinamericanliteraturetoday.org\/es\/wp-json\/wp\/v2\/categories?post=28764"},{"taxonomy":"post_tag","embeddable":true,"href":"https:\/\/latinamericanliteraturetoday.org\/es\/wp-json\/wp\/v2\/tags?post=28764"},{"taxonomy":"editors","embeddable":true,"href":"https:\/\/latinamericanliteraturetoday.org\/es\/wp-json\/wp\/v2\/editors?post=28764"},{"taxonomy":"review_sections","embeddable":true,"href":"https:\/\/latinamericanliteraturetoday.org\/es\/wp-json\/wp\/v2\/review_sections?post=28764"},{"taxonomy":"reviewers","embeddable":true,"href":"https:\/\/latinamericanliteraturetoday.org\/es\/wp-json\/wp\/v2\/reviewers?post=28764"},{"taxonomy":"translator","embeddable":true,"href":"https:\/\/latinamericanliteraturetoday.org\/es\/wp-json\/wp\/v2\/translator?post=28764"},{"taxonomy":"editors_pick","embeddable":true,"href":"https:\/\/latinamericanliteraturetoday.org\/es\/wp-json\/wp\/v2\/editors_pick?post=28764"},{"taxonomy":"lal_author","embeddable":true,"href":"https:\/\/latinamericanliteraturetoday.org\/es\/wp-json\/wp\/v2\/lal_author?post=28764"}],"curies":[{"name":"wp","href":"https:\/\/api.w.org\/{rel}","templated":true}]}}

https://latinamericanliteraturetoday.org/es/reseñas/el-olor-de-las-ruinas-de-alejandro-medina-franco/

<p><b>Colombia: Secretaría de Cultura de Pereira. 2023. 131 páginas. </b></p>
<p><span style="font-weight: 400;"><img fetchpriority="high" decoding="async" class="alignleft wp-image-28744" src="https://latinamericanliteraturetoday.org/wp-content/uploads/2023/12/Portada_El-olor-de-las-ruinas-1.png" alt="" width="250" height="396" title="" srcset="https://latinamericanliteraturetoday.org/wp-content/uploads/2023/12/Portada_El-olor-de-las-ruinas-1.png 330w, https://latinamericanliteraturetoday.org/wp-content/uploads/2023/12/Portada_El-olor-de-las-ruinas-1-189x300.png 189w" sizes="(max-width: 250px) 100vw, 250px" />Cuando creemos haber superado un debate crítico aparece un nuevo rebrote que abre las grietas de una querella. Ya forma parte del reservorio literario hispanoamericano el verso de Vicente Huidobro que expone al adjetivo a una existencia binaria: “El adjetivo, cuando no da vida, mata”. No sé si lo hemos malinterpretado, ya que no vemos la posibilidad de elegir sino la autocracia de la supresión. Así, me temo, aparece el estigma: un poema formalmente </span><i><span style="font-weight: 400;">correcto</span></i><span style="font-weight: 400;">, que se haga respetar, debe cuidarse del adjetivo. La adjetivación, según esta línea, caminaría muy cerca de algo que no queremos en el texto, en la morfología del poema. De ser esto cierto, el poeta sería un epidemiólogo interesado en detectar las frecuencias del uso del adjetivo –su propagación– y tratar médicamente –verbalmente, se entiende– </span><i><span style="font-weight: 400;">excesos</span></i><span style="font-weight: 400;"> y </span><i><span style="font-weight: 400;">abundancias</span></i><span style="font-weight: 400;">. </span></p>
<p><span style="font-weight: 400;">¿Qué pasaría si, de manera consciente, el poeta no pensara en un número reducido de adjetivos, sino que, en un osado y efectivo uso, se atreviera al “exceso” como poética? Esta sería la primera impresión que me ha dejado </span><i><span style="font-weight: 400;">El olor de las ruinas</span></i><span style="font-weight: 400;">, del poeta y cuentista colombiano Alejandro Medina Franco (1981). Medina Franco es magíster en Literatura de la Universidad Tecnológica de Pereira y con esta obra obtuvo el Premio Colección de Escritores Pereiranos, en el género Poesía (2022). Anteriormente ya había publicado el libro de relatos </span><i><span style="font-weight: 400;">La mueca del gólem</span></i><span style="font-weight: 400;"> (2018). La adjetivación es un ágil recurso muy frecuente en </span><i><span style="font-weight: 400;">El olor de las ruinas</span></i><span style="font-weight: 400;"> y se despliega en los cauces del verso corto. Este efecto espacial permite otro trato con los poemas que, con ritmo consciente, van nombrando una cotidianidad transmutada y casi cubista: “Mi brazo es corto, / y es uno, / sale del centro de mi pecho; / con él ha muerto / la bella simetría”.</span></p>
<p style="text-align: center;"><b>“HE VISITADO VARIAS VECES </b><b><i>EL OLOR DE LAS RUINAS</i></b><b> Y NO ESTARÍA DEL TODO ERRADO SI PIENSO QUE ESTA VOZ ANTILÍRICA SE ENCUENTRA EN UN MUNDO MÁS DESIGUAL QUE ÉSTE EN EL CUAL VIVIMOS”</b></p>
<p><i><span style="font-weight: 400;">El olor de las ruinas </span></i><span style="font-weight: 400;">canaliza acertadamente sus influencias, aquellas que están expuestas en epígrafes de Charles Baudelaire y Oliverio Girondo, por ejemplo, así como aquellas que funcionan como piezas no visibles pero que sustentan las bases y los pilares del poema. Este aspecto me lleva a varios pasajes en la malograda y delictiva vida de Jean-Baptiste Grenouille, especialmente la decadencia que se narra en las primeras páginas y que contextualizan los hechos posteriores de la novela </span><i><span style="font-weight: 400;">El perfume.</span></i></p>
<p><i><span style="font-weight: 400;">El olor de las ruinas</span></i><span style="font-weight: 400;"> impone una manera de entender el proceso creativo de su autor. No sé si se trata de un vicio como lector de poesía, pero me gusta ver qué motivaciones hay detrás de los paisajes aislados del poema; me explico: me gusta ver la lección discursiva que nos plantea el poeta. Y en el caso de Medina Franco, la premeditación y la libre elección, su capacidad de elegir: jugar parqués en un tablero de ajedrez, nombrar el canibalismo, con un muy ponderado lenguaje antirretórico, cercano al feísmo estilizado. Todo esto se puede apreciar en el poema “Lepra”, leído como poética. No está lejos de lo dicho por el poeta argentino Enrique Molina, refiriéndose al propio Oliverio: “No teme incorporar a su visión lo que un lirismo acaramelado considera </span><i><span style="font-weight: 400;">feo</span></i><span style="font-weight: 400;">. Pero ese </span><i><span style="font-weight: 400;">feísmo</span></i><span style="font-weight: 400;"> no es otra cosa que amor hacia todas las formas del mundo, fuera de sus connotaciones humanas”.</span></p>
<p><span style="font-weight: 400;">He visitado varias veces </span><i><span style="font-weight: 400;">El olor de las ruinas</span></i><span style="font-weight: 400;"> –con ojos que buscan corregir y luego con ojos que buscan apreciar–, y no estaría del todo errado si pienso que esta voz </span><i><span style="font-weight: 400;">antilírica </span></i><span style="font-weight: 400;">se encuentra en un mundo más desigual que éste en el cual vivimos, aunque cueste creerlo: un mundo postapocalíptico y cinematográfico. Este mundo que no parece estar listo para lo bueno ni para lo malo –una realidad sanitaria que no supo lidiar con propagaciones y contingencias–, mucho menos para las adjetivaciones y sus consecuencias en la creación de mundos textuales. </span></p>
<p>&nbsp;</p>
<p><!-- HTML !--></p>
<p><center><a class="bookshop-button" role="button" href="https://bookshop.org/lists/issue-28?" target="_blank" rel="noopener">Compra los libros destacados en este número en nuestra página de Bookshop</a></center><br />
<!-- HTML !--></p>

<p>“La adjetivación es un ágil recurso muy frecuente en este libro y se despliega en los cauces del verso corto. Este efecto espacial permite otro trato con los poemas que, con ritmo consciente, van nombrando una cotidianidad transmutada y casi cubista”</p>
