{"id":17934,"date":"2022-09-20T07:40:17","date_gmt":"2022-09-20T13:40:17","guid":{"rendered":"https:\/\/latinamericanliteraturetoday.org\/?post_type=book_review&#038;p=17934"},"modified":"2023-05-23T13:29:24","modified_gmt":"2023-05-23T19:29:24","slug":"accidentes-del-animo-de-gustavo-yuste","status":"publish","type":"book_review","link":"https:\/\/latinamericanliteraturetoday.org\/es\/rese\u00f1as\/accidentes-del-animo-de-gustavo-yuste\/","title":{"rendered":"Accidentes del \u00e1nimo de Gustavo Yuste"},"content":{"rendered":"<p><b><img fetchpriority=\"high\" decoding=\"async\" class=\"size-medium wp-image-17469 alignleft\" src=\"https:\/\/latinamericanliteraturetoday.org\/wp-content\/uploads\/2022\/09\/Accidentes-del-a\u0301nimo-207x300.jpg\" alt=\"\" width=\"207\" height=\"300\" title=\"\" srcset=\"https:\/\/latinamericanliteraturetoday.org\/wp-content\/uploads\/2022\/09\/Accidentes-del-a\u0301nimo-207x300.jpg 207w, https:\/\/latinamericanliteraturetoday.org\/wp-content\/uploads\/2022\/09\/Accidentes-del-a\u0301nimo-706x1024.jpg 706w, https:\/\/latinamericanliteraturetoday.org\/wp-content\/uploads\/2022\/09\/Accidentes-del-a\u0301nimo-768x1114.jpg 768w, https:\/\/latinamericanliteraturetoday.org\/wp-content\/uploads\/2022\/09\/Accidentes-del-a\u0301nimo-1059x1536.jpg 1059w, https:\/\/latinamericanliteraturetoday.org\/wp-content\/uploads\/2022\/09\/Accidentes-del-a\u0301nimo.jpg 1112w\" sizes=\"(max-width: 207px) 100vw, 207px\" \/>Buenos Aires: Santos Locos, 2021. 163 p\u00e1ginas.<\/b><\/p>\n<p><span style=\"font-weight: 400;\">La primera vez que coincidimos en persona con Gustavo Yuste fue en un Festival de Poes\u00eda Joven, en Buenos Aires, har\u00e1n unos seis o siete a\u00f1os. Aquella vez me regal\u00f3 <\/span><i><span style=\"font-weight: 400;\">Tendido el\u00e9ctrico<\/span><\/i><span style=\"font-weight: 400;\">, un peque\u00f1o libro-objeto de tapa azul, que vino a marcar el camino de una gran admiraci\u00f3n.<\/span><\/p>\n<p><span style=\"font-weight: 400;\">Claro que la vida fue estirando ese camino de encuentro, lo fue curvando. Pero siempre dejando el espacio, ese micro pasillo de confluencia por donde hacerse paso.\u00a0\u00a0<\/span><\/p>\n<p><span style=\"font-weight: 400;\">Nunca dej\u00e9 de leer a Gustavo porque su poes\u00eda tiene \u2014en todo su recorrido\u2014 algo de enredo personal, un grado m\u00e1s de implicaci\u00f3n, un recuerdo epis\u00f3dico y presuntamente ajeno que terminamos haciendo propio porque sabemos que de alg\u00fan modo nos contiene, nos lleva dentro como protagonistas o como antagonistas, aunque sin nombrarnos ni hacernos parte expl\u00edcita de su cosmos individual.\u00a0<\/span><\/p>\n<p><span style=\"font-weight: 400;\">As\u00ed llegu\u00e9 a <\/span><i><span style=\"font-weight: 400;\">Accidentes del \u00e1nimo<\/span><\/i><span style=\"font-weight: 400;\">, un libro recopilatorio publicado por la editorial argentina de poes\u00eda Santos Locos, en 2021. Y, como no pod\u00eda ocurrir de otra manera, este libro tiene todo lo que imaginaba y mucho m\u00e1s (por supuesto que mucho m\u00e1s).<\/span><\/p>\n<p><i><span style=\"font-weight: 400;\">Accidentes<\/span><\/i><span style=\"font-weight: 400;\"> pone a funcionar ese tono \u00edntimo y personal del d\u00eda a d\u00eda dentro de un espacio textual que cohabita \u2014quiz\u00e1s sin propon\u00e9rselo\u2014 con una ilusi\u00f3n de vida mediada por un pasado que \u201capremia\u201d, un ox\u00edmoron obligado que viene a entrelazar aquello que ya pas\u00f3 con aquello que tambi\u00e9n est\u00e1 pasando y con aquello otro que, inminentemente, puede pasar en cualquier momento: \u201cel equipo del que somos hinchas \/ volvi\u00f3 a perder \/ en las pr\u00f3ximas elecciones es casi seguro \/ que no llegamos ni al ballotage \/ y la serie que ve\u00edamos \/ no va a tener nuevas temporadas \/ por problemas de presupuesto\u201d.<\/span><\/p>\n<p><span style=\"font-weight: 400;\">Yuste no impone un ritmo de lectura, ni plantea necesariamente un orden fijo de sentido. No lo hace en este libro y no lo hace tampoco en ninguno de sus poemarios anteriores. M\u00e1s bien invita a explorar de un modo aleatorio esa convergencia familiar y bondadosa entre palabra e imagen. Como un miniaturista medieval, materializa un momento circunstancial de confianza y decanta sobre lxs lectorxs esa sensibilidad que produce siempre el detalle escrupuloso de las cosas, lo reflectante y lo colectivo: \u201csobre el pasto de la plaza enrejada \/ las personas con sus ropas de trabajo \/ se sientan a tomar sol y escuchar m\u00fasica \/ durante la hora del almuerzo\u201d.<\/span><\/p>\n<p><span style=\"font-weight: 400;\">Lo que se busca es adoptar la revelaci\u00f3n de lo evidente en tanto modo de vivir, de sentir la vida en el cuerpo. Mostrar, como en un tr\u00edptico, pre-sentimiento, sentimiento, y post-sentimiento. Pisotear el presente y apretar fuerte con una mano el pasado, pero sin dejar de mapear con la otra eso que sabemos bien que ya viene, eso que ya casi est\u00e1 llegando. En <\/span><i><span style=\"font-weight: 400;\">compos\u00e9<\/span><\/i><span style=\"font-weight: 400;\"> con el ep\u00edgrafe inicial (acertada frase de la canci\u00f3n interpretada por la\u00a0banda\u00a0inglesa\u00a0<\/span><i><span style=\"font-weight: 400;\">Pulp<\/span><\/i><span style=\"font-weight: 400;\">): \u201c\u00bfse supone que es as\u00ed como se siente el futuro?\u201d.<\/span><\/p>\n<p><span style=\"font-weight: 400;\">Este libro se arma y se desarma, se despieza y se convierte en otros 5 libros: <\/span><i><span style=\"font-weight: 400;\">Boleros accidentados <\/span><\/i><span style=\"font-weight: 400;\">(in\u00e9dito), <\/span><i><span style=\"font-weight: 400;\">\u00bfDe qu\u00e9 sirve un puente que no se usa? <\/span><\/i><span style=\"font-weight: 400;\">(plaqueta digital), <\/span><i><span style=\"font-weight: 400;\">Lo que uso y no recomiendo<\/span><\/i><span style=\"font-weight: 400;\"> (Modesto Rimba, 2018), <\/span><i><span style=\"font-weight: 400;\">Las canciones de los boliches<\/span><\/i><span style=\"font-weight: 400;\"> (Santos Locos, 2017) y <\/span><i><span style=\"font-weight: 400;\">Bonus Tracks<\/span><\/i><span style=\"font-weight: 400;\"> (Fantasma Edita, 2019).\u00a0<\/span><\/p>\n<p><span style=\"font-weight: 400;\">La evocaci\u00f3n de la infancia, la convocatoria reincidente del desenga\u00f1o, el movimiento cotidiano \u2014a veces favorable, a veces da\u00f1ino\u2014 de las cosas: los poemas de <\/span><i><span style=\"font-weight: 400;\">Accidentes del \u00e1nimo<\/span><\/i><span style=\"font-weight: 400;\"> se desplazan por esa convivencia, como si todo eso que estuviera diciendo el poema viviera de manera consciente debajo nuestro, como si algo desconocido dentro de ese sistema po\u00e9tico nos dejara aferradxs a sus entramados de nostalgia, imposibilitadxs \u2014una vez m\u00e1s\u2014 de poder tomar cualquier distancia solicitada.<\/span><\/p>\n<h5 style=\"text-align: right;\"><span style=\"font-weight: 400;\">Vanesa Almada Noguer\u00f3n<\/span><\/h5>\n","protected":false},"excerpt":{"rendered":"<p>Buenos Aires: Santos Locos, 2021. 163 p\u00e1ginas. La primera vez que coincidimos en persona con Gustavo Yuste fue en un Festival de Poes\u00eda Joven, en Buenos Aires, har\u00e1n unos seis o siete a\u00f1os. Aquella vez me regal\u00f3 Tendido el\u00e9ctrico, un peque\u00f1o libro-objeto de tapa azul, que vino a marcar el camino de una gran admiraci\u00f3n. [&hellip;]<\/p>\n","protected":false},"author":5,"featured_media":17469,"template":"","meta":{"_acf_changed":false},"categories":[],"tags":[4097],"editors":[],"review_sections":[2044],"reviewers":[2321],"translator":[3767],"editors_pick":[],"lal_author":[],"class_list":["post-17934","book_review","type-book_review","status-publish","has-post-thumbnail","hentry","tag-number-23-es","review_sections-poesia","reviewers-vanesa-almada-nogueron-es-2","translator-lauren-biglow-es"],"acf":{"richtitle":"<i>Accidentes del \u00e1nimo<\/i> de Gustavo Yuste","reviewers":"","title_field":"","issueofarticle":18039,"sidebartitle":"","thumbnail":"","collection-articleimage":null},"_links":{"self":[{"href":"https:\/\/latinamericanliteraturetoday.org\/es\/wp-json\/wp\/v2\/book_review\/17934","targetHints":{"allow":["GET"]}}],"collection":[{"href":"https:\/\/latinamericanliteraturetoday.org\/es\/wp-json\/wp\/v2\/book_review"}],"about":[{"href":"https:\/\/latinamericanliteraturetoday.org\/es\/wp-json\/wp\/v2\/types\/book_review"}],"author":[{"embeddable":true,"href":"https:\/\/latinamericanliteraturetoday.org\/es\/wp-json\/wp\/v2\/users\/5"}],"version-history":[{"count":0,"href":"https:\/\/latinamericanliteraturetoday.org\/es\/wp-json\/wp\/v2\/book_review\/17934\/revisions"}],"acf:post":[{"embeddable":true,"href":"https:\/\/latinamericanliteraturetoday.org\/es\/wp-json\/wp\/v2\/issue\/18039"}],"wp:featuredmedia":[{"embeddable":true,"href":"https:\/\/latinamericanliteraturetoday.org\/es\/wp-json\/wp\/v2\/media\/17469"}],"wp:attachment":[{"href":"https:\/\/latinamericanliteraturetoday.org\/es\/wp-json\/wp\/v2\/media?parent=17934"}],"wp:term":[{"taxonomy":"category","embeddable":true,"href":"https:\/\/latinamericanliteraturetoday.org\/es\/wp-json\/wp\/v2\/categories?post=17934"},{"taxonomy":"post_tag","embeddable":true,"href":"https:\/\/latinamericanliteraturetoday.org\/es\/wp-json\/wp\/v2\/tags?post=17934"},{"taxonomy":"editors","embeddable":true,"href":"https:\/\/latinamericanliteraturetoday.org\/es\/wp-json\/wp\/v2\/editors?post=17934"},{"taxonomy":"review_sections","embeddable":true,"href":"https:\/\/latinamericanliteraturetoday.org\/es\/wp-json\/wp\/v2\/review_sections?post=17934"},{"taxonomy":"reviewers","embeddable":true,"href":"https:\/\/latinamericanliteraturetoday.org\/es\/wp-json\/wp\/v2\/reviewers?post=17934"},{"taxonomy":"translator","embeddable":true,"href":"https:\/\/latinamericanliteraturetoday.org\/es\/wp-json\/wp\/v2\/translator?post=17934"},{"taxonomy":"editors_pick","embeddable":true,"href":"https:\/\/latinamericanliteraturetoday.org\/es\/wp-json\/wp\/v2\/editors_pick?post=17934"},{"taxonomy":"lal_author","embeddable":true,"href":"https:\/\/latinamericanliteraturetoday.org\/es\/wp-json\/wp\/v2\/lal_author?post=17934"}],"curies":[{"name":"wp","href":"https:\/\/api.w.org\/{rel}","templated":true}]}}

https://latinamericanliteraturetoday.org/es/reseñas/accidentes-del-animo-de-gustavo-yuste/

Accidentes del ánimo de Gustavo Yuste

<p><b><img fetchpriority="high" decoding="async" class="size-medium wp-image-17469 alignleft" src="https://latinamericanliteraturetoday.org/wp-content/uploads/2022/09/Accidentes-del-ánimo-207x300.jpg" alt="" width="207" height="300" title="" srcset="https://latinamericanliteraturetoday.org/wp-content/uploads/2022/09/Accidentes-del-ánimo-207x300.jpg 207w, https://latinamericanliteraturetoday.org/wp-content/uploads/2022/09/Accidentes-del-ánimo-706x1024.jpg 706w, https://latinamericanliteraturetoday.org/wp-content/uploads/2022/09/Accidentes-del-ánimo-768x1114.jpg 768w, https://latinamericanliteraturetoday.org/wp-content/uploads/2022/09/Accidentes-del-ánimo-1059x1536.jpg 1059w, https://latinamericanliteraturetoday.org/wp-content/uploads/2022/09/Accidentes-del-ánimo.jpg 1112w" sizes="(max-width: 207px) 100vw, 207px" />Buenos Aires: Santos Locos, 2021. 163 páginas.</b></p>
<p><span style="font-weight: 400;">La primera vez que coincidimos en persona con Gustavo Yuste fue en un Festival de Poesía Joven, en Buenos Aires, harán unos seis o siete años. Aquella vez me regaló </span><i><span style="font-weight: 400;">Tendido eléctrico</span></i><span style="font-weight: 400;">, un pequeño libro-objeto de tapa azul, que vino a marcar el camino de una gran admiración.</span></p>
<p><span style="font-weight: 400;">Claro que la vida fue estirando ese camino de encuentro, lo fue curvando. Pero siempre dejando el espacio, ese micro pasillo de confluencia por donde hacerse paso.  </span></p>
<p><span style="font-weight: 400;">Nunca dejé de leer a Gustavo porque su poesía tiene —en todo su recorrido— algo de enredo personal, un grado más de implicación, un recuerdo episódico y presuntamente ajeno que terminamos haciendo propio porque sabemos que de algún modo nos contiene, nos lleva dentro como protagonistas o como antagonistas, aunque sin nombrarnos ni hacernos parte explícita de su cosmos individual. </span></p>
<p><span style="font-weight: 400;">Así llegué a </span><i><span style="font-weight: 400;">Accidentes del ánimo</span></i><span style="font-weight: 400;">, un libro recopilatorio publicado por la editorial argentina de poesía Santos Locos, en 2021. Y, como no podía ocurrir de otra manera, este libro tiene todo lo que imaginaba y mucho más (por supuesto que mucho más).</span></p>
<p><i><span style="font-weight: 400;">Accidentes</span></i><span style="font-weight: 400;"> pone a funcionar ese tono íntimo y personal del día a día dentro de un espacio textual que cohabita —quizás sin proponérselo— con una ilusión de vida mediada por un pasado que “apremia”, un oxímoron obligado que viene a entrelazar aquello que ya pasó con aquello que también está pasando y con aquello otro que, inminentemente, puede pasar en cualquier momento: “el equipo del que somos hinchas / volvió a perder / en las próximas elecciones es casi seguro / que no llegamos ni al ballotage / y la serie que veíamos / no va a tener nuevas temporadas / por problemas de presupuesto”.</span></p>
<p><span style="font-weight: 400;">Yuste no impone un ritmo de lectura, ni plantea necesariamente un orden fijo de sentido. No lo hace en este libro y no lo hace tampoco en ninguno de sus poemarios anteriores. Más bien invita a explorar de un modo aleatorio esa convergencia familiar y bondadosa entre palabra e imagen. Como un miniaturista medieval, materializa un momento circunstancial de confianza y decanta sobre lxs lectorxs esa sensibilidad que produce siempre el detalle escrupuloso de las cosas, lo reflectante y lo colectivo: “sobre el pasto de la plaza enrejada / las personas con sus ropas de trabajo / se sientan a tomar sol y escuchar música / durante la hora del almuerzo”.</span></p>
<p><span style="font-weight: 400;">Lo que se busca es adoptar la revelación de lo evidente en tanto modo de vivir, de sentir la vida en el cuerpo. Mostrar, como en un tríptico, pre-sentimiento, sentimiento, y post-sentimiento. Pisotear el presente y apretar fuerte con una mano el pasado, pero sin dejar de mapear con la otra eso que sabemos bien que ya viene, eso que ya casi está llegando. En </span><i><span style="font-weight: 400;">composé</span></i><span style="font-weight: 400;"> con el epígrafe inicial (acertada frase de la canción interpretada por la banda inglesa </span><i><span style="font-weight: 400;">Pulp</span></i><span style="font-weight: 400;">): “¿se supone que es así como se siente el futuro?”.</span></p>
<p><span style="font-weight: 400;">Este libro se arma y se desarma, se despieza y se convierte en otros 5 libros: </span><i><span style="font-weight: 400;">Boleros accidentados </span></i><span style="font-weight: 400;">(inédito), </span><i><span style="font-weight: 400;">¿De qué sirve un puente que no se usa? </span></i><span style="font-weight: 400;">(plaqueta digital), </span><i><span style="font-weight: 400;">Lo que uso y no recomiendo</span></i><span style="font-weight: 400;"> (Modesto Rimba, 2018), </span><i><span style="font-weight: 400;">Las canciones de los boliches</span></i><span style="font-weight: 400;"> (Santos Locos, 2017) y </span><i><span style="font-weight: 400;">Bonus Tracks</span></i><span style="font-weight: 400;"> (Fantasma Edita, 2019). </span></p>
<p><span style="font-weight: 400;">La evocación de la infancia, la convocatoria reincidente del desengaño, el movimiento cotidiano —a veces favorable, a veces dañino— de las cosas: los poemas de </span><i><span style="font-weight: 400;">Accidentes del ánimo</span></i><span style="font-weight: 400;"> se desplazan por esa convivencia, como si todo eso que estuviera diciendo el poema viviera de manera consciente debajo nuestro, como si algo desconocido dentro de ese sistema poético nos dejara aferradxs a sus entramados de nostalgia, imposibilitadxs —una vez más— de poder tomar cualquier distancia solicitada.</span></p>
<h5 style="text-align: right;"><span style="font-weight: 400;">Vanesa Almada Noguerón</span></h5>

<p>Buenos Aires: Santos Locos, 2021. 163 páginas. La primera vez que coincidimos en persona con Gustavo Yuste fue en un Festival de Poesía Joven, en Buenos Aires, harán unos seis o siete años. Aquella vez me regaló Tendido eléctrico, un pequeño libro-objeto de tapa azul, que vino a marcar el camino de una gran admiración. [&hellip;]</p>

<i>Accidentes del ánimo</i> de Gustavo Yuste
